{"id":2044,"date":"2020-06-18T20:07:32","date_gmt":"2020-06-18T18:07:32","guid":{"rendered":"https:\/\/lerevedelouise.fr\/?page_id=2044"},"modified":"2024-02-05T16:09:59","modified_gmt":"2024-02-05T15:09:59","slug":"case-15","status":"publish","type":"page","link":"https:\/\/lerevedelouise.fr\/index.php\/case-0\/case-15\/","title":{"rendered":"Case 15"},"content":{"rendered":"<span class=\"span-reading-time rt-reading-time\" style=\"display: block;\"><span class=\"rt-label rt-prefix\">Temps de lecture\u00a0: <\/span> <span class=\"rt-time\"> 2<\/span> <span class=\"rt-label rt-postfix\">minutes<\/span><\/span>\n<h4 class=\"wp-block-heading\"><span style=\"color:#d7760e\" class=\"has-inline-color\">Le cheval blanc<\/span><\/h4>\n\n\n\n<div class=\"wp-block-image\"><figure class=\"aligncenter size-medium\"><a href=\"https:\/\/lerevedelouise.fr\/wp-content\/uploads\/2020\/06\/cheval-blanc.jpg\"><img loading=\"lazy\" decoding=\"async\" width=\"300\" height=\"200\" src=\"https:\/\/lerevedelouise.fr\/wp-content\/uploads\/2020\/06\/cheval-blanc-300x200.jpg\" alt=\"\" class=\"wp-image-2046\" srcset=\"https:\/\/lerevedelouise.fr\/wp-content\/uploads\/2020\/06\/cheval-blanc-300x200.jpg 300w, https:\/\/lerevedelouise.fr\/wp-content\/uploads\/2020\/06\/cheval-blanc-600x400.jpg 600w, https:\/\/lerevedelouise.fr\/wp-content\/uploads\/2020\/06\/cheval-blanc-1024x682.jpg 1024w, https:\/\/lerevedelouise.fr\/wp-content\/uploads\/2020\/06\/cheval-blanc-768x512.jpg 768w, https:\/\/lerevedelouise.fr\/wp-content\/uploads\/2020\/06\/cheval-blanc-272x182.jpg 272w, https:\/\/lerevedelouise.fr\/wp-content\/uploads\/2020\/06\/cheval-blanc.jpg 1280w\" sizes=\"auto, (max-width: 300px) 100vw, 300px\" \/><\/a><\/figure><\/div>\n\n\n\n<p>La symbolique de ce superbe animal est d&rsquo;une grande richesse et tr\u00e8s contrast\u00e9e. C&rsquo;est la raison pour laquelle trois chevaux figurent successivement dans le parcours dont chacun a une signification particuli\u00e8rement. Le cheval blanc est une figure solaire positive et lumineuse donc une repr\u00e9sentation de la conscience \u00e9clair\u00e9e, des bons instincts ma\u00eetris\u00e9s, sublim\u00e9s, transcend\u00e9s, des pr\u00e9occupations spirituelles de l&rsquo;homme, du corps, v\u00e9hicule ou monture de l&rsquo;\u00e2me.<\/p>\n\n\n\n<h4 class=\"wp-block-heading\"><span style=\"color:#d7760e\" class=\"has-inline-color\">Signification<\/span><\/h4>\n\n\n\n<p>Lorsque votre pion se trouve sur cette case, il peut y avoir plusieurs significations. D&rsquo;abord, elle vous encourage vivement \u00e0 exercer votre libre arbitre. Ensuite, elle vous encourage \u00e0 exploiter votre bonne \u00e9nergie psychique, \u00e0 vous fier \u00e0 votre bon instinct de nature, qui vous dictera des actes  justes. Enfin, elle vous conforte dans vos d\u00e9sirs ou pulsions du moment, car tout laisse supposer qu&rsquo;ils vous poussent dans la bonne direction, qu&rsquo;ils vous incitent \u00e0 faire ce que vous devez faire \u00e0 agir comme il se doit. Ce cheval blanc vous dit que, d\u00e8s lors que vous agissez en votre \u00e2me et conscience, ce qui semble \u00eatre le cas en l&rsquo;occurrence, vous avez toutes les chances d&rsquo;obtenir ce que vous voulez, de r\u00e9ussir dans vos entreprises.<\/p>\n\n\n\n<p class=\"has-small-font-size\"><span style=\"color:#d7760e\" class=\"has-inline-color\">Image par  : <\/span><a href=\"https:\/\/pixabay.com\/fr\/users\/mladylake-6366689\/?utm_source=link-attribution&amp;utm_medium=referral&amp;utm_campaign=image&amp;utm_content=5158911\" target=\"_blank\" rel=\"noreferrer noopener\">Tammy Stewart<\/a> <span style=\"color:#d7760e\" class=\"has-inline-color\">de<\/span> <a href=\"https:\/\/pixabay.com\/fr\/\" target=\"_blank\" rel=\"noreferrer noopener\">Pixabay<\/a><\/p>\n\n\n\n<p class=\"has-small-font-size\"><span style=\"color:#d7760e\" class=\"has-inline-color\">Source <\/span>: <a href=\"https:\/\/www.hachette-collections.com\/fr-fr\/?gclid=CjwKCAjw8J32BRBCEiwApQEKgdiFVIkH2wypRsYiCjhK4KTn5ifV_DR1FX_lAZt9mKdtG8ksfXzYzxoCfegQAvD_BwE\" target=\"_blank\" rel=\"noreferrer noopener\">les arts divina<em>toires \u2013 Hachette Collection<\/em><\/a><\/p>\n","protected":false},"excerpt":{"rendered":"<p>Le cheval blanc La symbolique de ce superbe animal est d&rsquo;une grande richesse et tr\u00e8s contrast\u00e9e. C&rsquo;est la raison pour laquelle trois chevaux figurent successivement dans le parcours dont chacun a une signification particuli\u00e8rement. Le cheval blanc est une figure solaire positive et lumineuse donc une repr\u00e9sentation de la conscience \u00e9clair\u00e9e, des bons instincts ma\u00eetris\u00e9s, [&hellip;]<\/p>\n","protected":false},"author":1,"featured_media":0,"parent":480,"menu_order":15,"comment_status":"closed","ping_status":"closed","template":"","meta":{"_eb_attr":"","footnotes":""},"class_list":["post-2044","page","type-page","status-publish","hentry"],"_links":{"self":[{"href":"https:\/\/lerevedelouise.fr\/index.php\/wp-json\/wp\/v2\/pages\/2044","targetHints":{"allow":["GET"]}}],"collection":[{"href":"https:\/\/lerevedelouise.fr\/index.php\/wp-json\/wp\/v2\/pages"}],"about":[{"href":"https:\/\/lerevedelouise.fr\/index.php\/wp-json\/wp\/v2\/types\/page"}],"author":[{"embeddable":true,"href":"https:\/\/lerevedelouise.fr\/index.php\/wp-json\/wp\/v2\/users\/1"}],"replies":[{"embeddable":true,"href":"https:\/\/lerevedelouise.fr\/index.php\/wp-json\/wp\/v2\/comments?post=2044"}],"version-history":[{"count":10,"href":"https:\/\/lerevedelouise.fr\/index.php\/wp-json\/wp\/v2\/pages\/2044\/revisions"}],"predecessor-version":[{"id":4265,"href":"https:\/\/lerevedelouise.fr\/index.php\/wp-json\/wp\/v2\/pages\/2044\/revisions\/4265"}],"up":[{"embeddable":true,"href":"https:\/\/lerevedelouise.fr\/index.php\/wp-json\/wp\/v2\/pages\/480"}],"wp:attachment":[{"href":"https:\/\/lerevedelouise.fr\/index.php\/wp-json\/wp\/v2\/media?parent=2044"}],"curies":[{"name":"wp","href":"https:\/\/api.w.org\/{rel}","templated":true}]}}