{"id":2073,"date":"2020-06-23T14:59:40","date_gmt":"2020-06-23T12:59:40","guid":{"rendered":"https:\/\/lerevedelouise.fr\/?page_id=2073"},"modified":"2024-02-05T16:10:45","modified_gmt":"2024-02-05T15:10:45","slug":"case-16","status":"publish","type":"page","link":"https:\/\/lerevedelouise.fr\/index.php\/case-0\/case-16\/","title":{"rendered":"Case 16"},"content":{"rendered":"<span class=\"span-reading-time rt-reading-time\" style=\"display: block;\"><span class=\"rt-label rt-prefix\">Temps de lecture\u00a0: <\/span> <span class=\"rt-time\"> &lt;\u00a01<\/span> <span class=\"rt-label rt-postfix\">minute<\/span><\/span>\n<h4 class=\"wp-block-heading\"><span style=\"color:#d7760e\" class=\"has-inline-color\">Le cheval noir<\/span><\/h4>\n\n\n\n<div class=\"wp-block-image\"><figure class=\"aligncenter size-medium\"><a href=\"https:\/\/lerevedelouise.fr\/wp-content\/uploads\/2020\/06\/cheval-noir.jpg\"><img loading=\"lazy\" decoding=\"async\" width=\"300\" height=\"201\" src=\"https:\/\/lerevedelouise.fr\/wp-content\/uploads\/2020\/06\/cheval-noir-300x201.jpg\" alt=\"\" class=\"wp-image-2077\" srcset=\"https:\/\/lerevedelouise.fr\/wp-content\/uploads\/2020\/06\/cheval-noir-300x201.jpg 300w, https:\/\/lerevedelouise.fr\/wp-content\/uploads\/2020\/06\/cheval-noir-600x401.jpg 600w, https:\/\/lerevedelouise.fr\/wp-content\/uploads\/2020\/06\/cheval-noir-1024x685.jpg 1024w, https:\/\/lerevedelouise.fr\/wp-content\/uploads\/2020\/06\/cheval-noir-768x514.jpg 768w, https:\/\/lerevedelouise.fr\/wp-content\/uploads\/2020\/06\/cheval-noir-272x182.jpg 272w, https:\/\/lerevedelouise.fr\/wp-content\/uploads\/2020\/06\/cheval-noir.jpg 1280w\" sizes=\"auto, (max-width: 300px) 100vw, 300px\" \/><\/a><\/figure><\/div>\n\n\n\n<p>Bien s\u00fbr, le sens symbolique se rattachant au cheval est identique au cheval blanc. Mais, comme il est indiqu\u00e9 ici, il s&rsquo;agit cette fois d&rsquo;un cheval noir, dont les significations et repr\u00e9sentations symboliques sont beaucoup plus inqui\u00e9tantes, sans \u00eatre syst\u00e9matiquement dramatiques. Malheureusement le cheval noir subit le m\u00eame sort que les animaux de cette couleur, c&rsquo;est \u00e0 dire le symbole de la \u00ab\u00a0mort\u00a0\u00bb et de l&rsquo;h\u00e9r\u00e9sie. Il est aussi la monture du chaman qui lui permet de galoper dans l&rsquo;autre monde et surtout d&rsquo;en traverser les plaines sem\u00e9es d&#8217;emb\u00fbches et de myst\u00e8res et d&rsquo;en revenir sain et sauf.<\/p>\n\n\n\n<h4 class=\"wp-block-heading\"><span style=\"color:#d7760e\" class=\"has-inline-color\">Signification<\/span><\/h4>\n\n\n\n<p>Lorsque votre pion tombe sur cette case, c&rsquo;est que vous \u00eates arriv\u00e9 au bout de quelque chose, d&rsquo;une situation, d&rsquo;une p\u00e9riode de vie et parfois m\u00eame d&rsquo;un sentiment. Le cheval noir est annonciateur d&rsquo;un changement radical dans votre vie. De plus, ce changement va vous permettre de vous projeter dans une autre fa\u00e7on de vivre, revoir l&rsquo;essentiel pour votre vie et partir pourquoi pas \u00e0 la d\u00e9couverte de choses nouvelles et m\u00eame vivre une autre r\u00e9alit\u00e9.  <\/p>\n\n\n\n<p class=\"has-small-font-size\"><span style=\"color:#d7760e\" class=\"has-inline-color\">Image par :<\/span> <a href=\"https:\/\/pixabay.com\/fr\/users\/123090-123090\/?utm_source=link-attribution&amp;utm_medium=referral&amp;utm_campaign=image&amp;utm_content=459354\" target=\"_blank\" rel=\"noreferrer noopener\">Andre Sudholt<\/a> <span style=\"color:#d7760e\" class=\"has-inline-color\">de<\/span> <a href=\"https:\/\/pixabay.com\/fr\/\" target=\"_blank\" rel=\"noreferrer noopener\">Pixabay<\/a><\/p>\n\n\n\n<p class=\"has-small-font-size\"><span style=\"color:#d7760e\" class=\"has-inline-color\">Source :<\/span> <a href=\"https:\/\/www.hachette-collections.com\/fr-fr\/?gclid=CjwKCAjw8J32BRBCEiwApQEKgdiFVIkH2wypRsYiCjhK4KTn5ifV_DR1FX_lAZt9mKdtG8ksfXzYzxoCfegQAvD_BwE\" target=\"_blank\" rel=\"noreferrer noopener\">les arts divina<em>toires \u2013 Hachette Collection<\/em><\/a><\/p>\n","protected":false},"excerpt":{"rendered":"<p>Le cheval noir Bien s\u00fbr, le sens symbolique se rattachant au cheval est identique au cheval blanc. Mais, comme il est indiqu\u00e9 ici, il s&rsquo;agit cette fois d&rsquo;un cheval noir, dont les significations et repr\u00e9sentations symboliques sont beaucoup plus inqui\u00e9tantes, sans \u00eatre syst\u00e9matiquement dramatiques. Malheureusement le cheval noir subit le m\u00eame sort que les animaux [&hellip;]<\/p>\n","protected":false},"author":1,"featured_media":0,"parent":480,"menu_order":16,"comment_status":"closed","ping_status":"closed","template":"","meta":{"_eb_attr":"","footnotes":""},"class_list":["post-2073","page","type-page","status-publish","hentry"],"_links":{"self":[{"href":"https:\/\/lerevedelouise.fr\/index.php\/wp-json\/wp\/v2\/pages\/2073","targetHints":{"allow":["GET"]}}],"collection":[{"href":"https:\/\/lerevedelouise.fr\/index.php\/wp-json\/wp\/v2\/pages"}],"about":[{"href":"https:\/\/lerevedelouise.fr\/index.php\/wp-json\/wp\/v2\/types\/page"}],"author":[{"embeddable":true,"href":"https:\/\/lerevedelouise.fr\/index.php\/wp-json\/wp\/v2\/users\/1"}],"replies":[{"embeddable":true,"href":"https:\/\/lerevedelouise.fr\/index.php\/wp-json\/wp\/v2\/comments?post=2073"}],"version-history":[{"count":9,"href":"https:\/\/lerevedelouise.fr\/index.php\/wp-json\/wp\/v2\/pages\/2073\/revisions"}],"predecessor-version":[{"id":4266,"href":"https:\/\/lerevedelouise.fr\/index.php\/wp-json\/wp\/v2\/pages\/2073\/revisions\/4266"}],"up":[{"embeddable":true,"href":"https:\/\/lerevedelouise.fr\/index.php\/wp-json\/wp\/v2\/pages\/480"}],"wp:attachment":[{"href":"https:\/\/lerevedelouise.fr\/index.php\/wp-json\/wp\/v2\/media?parent=2073"}],"curies":[{"name":"wp","href":"https:\/\/api.w.org\/{rel}","templated":true}]}}