{"id":2655,"date":"2020-07-09T15:48:55","date_gmt":"2020-07-09T13:48:55","guid":{"rendered":"https:\/\/lerevedelouise.fr\/?page_id=2655"},"modified":"2024-02-05T16:17:02","modified_gmt":"2024-02-05T15:17:02","slug":"case-23","status":"publish","type":"page","link":"https:\/\/lerevedelouise.fr\/index.php\/case-0\/case-23\/","title":{"rendered":"Case 23"},"content":{"rendered":"<span class=\"span-reading-time rt-reading-time\" style=\"display: block;\"><span class=\"rt-label rt-prefix\">Temps de lecture\u00a0: <\/span> <span class=\"rt-time\"> 2<\/span> <span class=\"rt-label rt-postfix\">minutes<\/span><\/span>\n<div class=\"wp-block-image\"><figure class=\"aligncenter size-medium\"><a href=\"https:\/\/lerevedelouise.fr\/wp-content\/uploads\/2020\/07\/montagne.jpg\"><img loading=\"lazy\" decoding=\"async\" width=\"300\" height=\"199\" src=\"https:\/\/lerevedelouise.fr\/wp-content\/uploads\/2020\/07\/montagne-300x199.jpg\" alt=\"\" class=\"wp-image-2656\" srcset=\"https:\/\/lerevedelouise.fr\/wp-content\/uploads\/2020\/07\/montagne-300x199.jpg 300w, https:\/\/lerevedelouise.fr\/wp-content\/uploads\/2020\/07\/montagne-600x397.jpg 600w, https:\/\/lerevedelouise.fr\/wp-content\/uploads\/2020\/07\/montagne-1024x678.jpg 1024w, https:\/\/lerevedelouise.fr\/wp-content\/uploads\/2020\/07\/montagne-768x508.jpg 768w, https:\/\/lerevedelouise.fr\/wp-content\/uploads\/2020\/07\/montagne.jpg 1280w\" sizes=\"auto, (max-width: 300px) 100vw, 300px\" \/><\/a><\/figure><\/div>\n\n\n\n<h4 class=\"wp-block-heading\"><span style=\"color:#d7760e\" class=\"has-inline-color\">La montagne<\/span><\/h4>\n\n\n\n<p>La montagne est une esp\u00e8ce de pont entre la terre et le ciel. Elle se dresse, fi\u00e8re, depuis les profondeurs de la terre jusqu&rsquo;\u00e0 la base du ciel. Parfois m\u00eame, lorsqu&rsquo;elle est tr\u00e8s haute et que le ciel  est bas, on peut avoir l&rsquo;impression que son sommet est dans le ciel. Elle rend donc ce dernier accessible aux hommes, \u00e0 condition qu&rsquo;ils en entament l&rsquo;escalade. C&rsquo;est ainsi qu&rsquo;elle devint une esp\u00e8ce de symbole de l&rsquo;\u00e2me divinis\u00e9e, de ce qu&rsquo;il y a de plus pur, \u00e9lev\u00e9, noble, sacr\u00e9 en l&rsquo;\u00eatre humain, auquel  il ne peut toutefois pas acc\u00e9der sans efforts \u00e0 produire, difficult\u00e9s \u00e0 surmonter, obstacles \u00e0 franchir. Mais c&rsquo;est souvent sur  la montagne qu&rsquo;un dieu peut se manifester.   <\/p>\n\n\n\n<h4 class=\"wp-block-heading\"><span style=\"color:#d7760e\" class=\"has-inline-color\">Signification<\/span><\/h4>\n\n\n\n<p>Lorsque votre pion se pose sur cette case, vous pouvez vous attendre \u00e0 ce qu&rsquo;un obstacle majeur, lui aussi, se dresse sur le chemin de votre vie. Toutefois, il s&rsquo;agit d&rsquo;un  obstacle qui n&rsquo;est insurmontable que pour celle ou celui qui manque de courage, de pers\u00e9v\u00e9rance ou de volont\u00e9. Car si vous faites appel \u00e0 vos qualit\u00e9s propres vous serez bien arm\u00e9 pour triompher et atteindre un sommet dans votre vie. En d&rsquo;autres termes, cette case vous r\u00e9v\u00e8le que vous \u00eates ou que vous allez \u00eatre confront\u00e9 qui peut ou pourra vous sembler insurmontable. Mais en r\u00e9alit\u00e9, elle est digne de vous. Car vous poss\u00e9dez les qualit\u00e9s requises pour la r\u00e9ussir et en sortir grandi.<\/p>\n\n\n\n<p class=\"has-small-font-size\"><span style=\"color:#d7760e\" class=\"has-inline-color\">Image par :<\/span> <a href=\"https:\/\/pixabay.com\/photos\/?utm_source=link-attribution&amp;utm_medium=referral&amp;utm_campaign=image&amp;utm_content=1209497\" target=\"_blank\" rel=\"noopener\">Free-Photos<\/a> <span style=\"color:#d7760e\" class=\"has-inline-color\">de<\/span> <a href=\"https:\/\/pixabay.com\/fr\/\" target=\"_blank\" rel=\"noopener\">Pixabay <\/a><\/p>\n\n\n\n<p class=\"has-small-font-size\"><span style=\"color:#d7760e\" class=\"has-inline-color\">Source : <\/span><a href=\"https:\/\/www.hachette-collections.com\/fr-fr\/?gclid=CjwKCAjw8J32BRBCEiwApQEKgdiFVIkH2wypRsYiCjhK4KTn5ifV_DR1FX_lAZt9mKdtG8ksfXzYzxoCfegQAvD_BwE\" target=\"_blank\" rel=\"noreferrer noopener\">les arts divina<em>toires \u2013 Hachette Collection<\/em><\/a><\/p>\n\n\n\n<p><\/p>\n","protected":false},"excerpt":{"rendered":"<p>La montagne La montagne est une esp\u00e8ce de pont entre la terre et le ciel. Elle se dresse, fi\u00e8re, depuis les profondeurs de la terre jusqu&rsquo;\u00e0 la base du ciel. Parfois m\u00eame, lorsqu&rsquo;elle est tr\u00e8s haute et que le ciel est bas, on peut avoir l&rsquo;impression que son sommet est dans le ciel. Elle rend [&hellip;]<\/p>\n","protected":false},"author":1,"featured_media":0,"parent":480,"menu_order":23,"comment_status":"closed","ping_status":"closed","template":"","meta":{"_eb_attr":"","footnotes":""},"class_list":["post-2655","page","type-page","status-publish","hentry"],"_links":{"self":[{"href":"https:\/\/lerevedelouise.fr\/index.php\/wp-json\/wp\/v2\/pages\/2655","targetHints":{"allow":["GET"]}}],"collection":[{"href":"https:\/\/lerevedelouise.fr\/index.php\/wp-json\/wp\/v2\/pages"}],"about":[{"href":"https:\/\/lerevedelouise.fr\/index.php\/wp-json\/wp\/v2\/types\/page"}],"author":[{"embeddable":true,"href":"https:\/\/lerevedelouise.fr\/index.php\/wp-json\/wp\/v2\/users\/1"}],"replies":[{"embeddable":true,"href":"https:\/\/lerevedelouise.fr\/index.php\/wp-json\/wp\/v2\/comments?post=2655"}],"version-history":[{"count":9,"href":"https:\/\/lerevedelouise.fr\/index.php\/wp-json\/wp\/v2\/pages\/2655\/revisions"}],"predecessor-version":[{"id":4288,"href":"https:\/\/lerevedelouise.fr\/index.php\/wp-json\/wp\/v2\/pages\/2655\/revisions\/4288"}],"up":[{"embeddable":true,"href":"https:\/\/lerevedelouise.fr\/index.php\/wp-json\/wp\/v2\/pages\/480"}],"wp:attachment":[{"href":"https:\/\/lerevedelouise.fr\/index.php\/wp-json\/wp\/v2\/media?parent=2655"}],"curies":[{"name":"wp","href":"https:\/\/api.w.org\/{rel}","templated":true}]}}