{"id":4154,"date":"2022-02-22T17:37:12","date_gmt":"2022-02-22T16:37:12","guid":{"rendered":"https:\/\/lerevedelouise.fr\/?page_id=4154"},"modified":"2024-02-05T16:18:56","modified_gmt":"2024-02-05T15:18:56","slug":"case-31","status":"publish","type":"page","link":"https:\/\/lerevedelouise.fr\/index.php\/case-0\/case-31\/","title":{"rendered":"Case 31"},"content":{"rendered":"<span class=\"span-reading-time rt-reading-time\" style=\"display: block;\"><span class=\"rt-label rt-prefix\">Temps de lecture\u00a0: <\/span> <span class=\"rt-time\"> 2<\/span> <span class=\"rt-label rt-postfix\">minutes<\/span><\/span>\n<div class=\"wp-block-image\"><figure class=\"aligncenter size-medium\"><a href=\"https:\/\/lerevedelouise.fr\/wp-content\/uploads\/2022\/02\/Le-puits.jpg\"><img loading=\"lazy\" decoding=\"async\" width=\"300\" height=\"300\" src=\"https:\/\/lerevedelouise.fr\/wp-content\/uploads\/2022\/02\/Le-puits-300x300.jpg\" alt=\"\" class=\"wp-image-4155\" srcset=\"https:\/\/lerevedelouise.fr\/wp-content\/uploads\/2022\/02\/Le-puits-300x300.jpg 300w, https:\/\/lerevedelouise.fr\/wp-content\/uploads\/2022\/02\/Le-puits-100x100.jpg 100w, https:\/\/lerevedelouise.fr\/wp-content\/uploads\/2022\/02\/Le-puits-600x600.jpg 600w, https:\/\/lerevedelouise.fr\/wp-content\/uploads\/2022\/02\/Le-puits-1024x1024.jpg 1024w, https:\/\/lerevedelouise.fr\/wp-content\/uploads\/2022\/02\/Le-puits-150x150.jpg 150w, https:\/\/lerevedelouise.fr\/wp-content\/uploads\/2022\/02\/Le-puits-768x768.jpg 768w, https:\/\/lerevedelouise.fr\/wp-content\/uploads\/2022\/02\/Le-puits-80x80.jpg 80w, https:\/\/lerevedelouise.fr\/wp-content\/uploads\/2022\/02\/Le-puits.jpg 1280w\" sizes=\"auto, (max-width: 300px) 100vw, 300px\" \/><\/a><\/figure><\/div>\n\n\n\n<h4 class=\"wp-block-heading\"><span style=\"color:#d7760e\" class=\"has-inline-color\">Le puits<\/span><\/h4>\n\n\n\n<p>L&rsquo;eau du puits est aliment\u00e9e par une source. A moins que le climat n&rsquo;y soit pas propice et que s\u00e9visse une p\u00e9riode de s\u00e9cheresse, celle-ci est relativement intarissable. De ce fait, le puits et la source pr\u00e9sentent de nombreuses analogies, au plan symbolique. L&rsquo;un et l&rsquo;autre figurent les richesses mat\u00e9rielles ou spirituelles, dont on peut se nourrir ou qui nous abreuvent infiniment. Par ailleurs, en puisant l&rsquo;eau d&rsquo;un puits, on va  \u00e0 la source. Autrement dit, on va l&rsquo;essentiel, on se r\u00e9f\u00e8re \u00e0 la puret\u00e9 des connaissances et traditions \u00e9ternelles, on puise aux vraies valeurs dont nous avons tant besoin. <\/p>\n\n\n\n<h4 class=\"wp-block-heading\"><span style=\"color:#d7760e\" class=\"has-inline-color\">Signification<\/span><\/h4>\n\n\n\n<p>Lorsque votre pion ce pose sur cette case, il semble bien qu&rsquo;il est fait allusion \u00e0 la source qui est en vous. En d&rsquo;autres termes tout doit vous induire \u00e0 trouver et puiser en vous les ressources que vous \u00eatre  enclin  \u00e0 rechercher \u00e0 l&rsquo;ext\u00e9rieur autour de vous, voire chez d&rsquo;autres que vous. En effet, cette case vous r\u00e9v\u00e8le que vous poss\u00e9dez des richesses dans lesquelles vous avez la possibilit\u00e9 de puiser \u00e0 profusion. Vous pouvez alors vous poser la question de savoir si vous n\u00e9gligez de le faire. Si tel est le cas, le puits vous invite alors \u00e0 plonger \u00e0 l&rsquo;int\u00e9rieur de vous-m\u00eame, sachant que vous y trouverez toutes les ressources dont vous avez besoin, peut-\u00eatre m\u00eame des solutions \u00e0 vos probl\u00e8mes ou des r\u00e9ponses \u00e0 vos questions.<\/p>\n\n\n\n<p class=\"has-small-font-size\"><span style=\"color:#d7760e\" class=\"has-inline-color\">Image par : <\/span><a href=\"https:\/\/pixabay.com\/fr\/users\/la_caverne_du_vfx-2151735\/\" target=\"_blank\" rel=\"noreferrer noopener\" title=\"La_Caverne_Du_VFX de\">La_Caverne_Du_VFX<\/a> <span style=\"color:#d7760e\" class=\"has-inline-color\">de<\/span> <a href=\"https:\/\/pixabay.com\/fr\/\" target=\"_blank\" rel=\"noopener\">Pixabay<\/a><\/p>\n\n\n\n<p class=\"has-small-font-size\"><span style=\"color:#d7760e\" class=\"has-inline-color\">Source :<\/span> <a href=\"https:\/\/www.hachette-collections.com\/fr-fr\/?gclid=CjwKCAjw8J32BRBCEiwApQEKgdiFVIkH2wypRsYiCjhK4KTn5ifV_DR1FX_lAZt9mKdtG8ksfXzYzxoCfegQAvD_BwE\" target=\"_blank\" rel=\"noreferrer noopener\">les arts divina<em>toires \u2013 Hachette Collection<\/em><\/a><\/p>\n","protected":false},"excerpt":{"rendered":"<p>Le puits L&rsquo;eau du puits est aliment\u00e9e par une source. A moins que le climat n&rsquo;y soit pas propice et que s\u00e9visse une p\u00e9riode de s\u00e9cheresse, celle-ci est relativement intarissable. De ce fait, le puits et la source pr\u00e9sentent de nombreuses analogies, au plan symbolique. L&rsquo;un et l&rsquo;autre figurent les richesses mat\u00e9rielles ou spirituelles, dont [&hellip;]<\/p>\n","protected":false},"author":1,"featured_media":0,"parent":480,"menu_order":31,"comment_status":"closed","ping_status":"closed","template":"","meta":{"_eb_attr":"","footnotes":""},"class_list":["post-4154","page","type-page","status-publish","hentry"],"_links":{"self":[{"href":"https:\/\/lerevedelouise.fr\/index.php\/wp-json\/wp\/v2\/pages\/4154","targetHints":{"allow":["GET"]}}],"collection":[{"href":"https:\/\/lerevedelouise.fr\/index.php\/wp-json\/wp\/v2\/pages"}],"about":[{"href":"https:\/\/lerevedelouise.fr\/index.php\/wp-json\/wp\/v2\/types\/page"}],"author":[{"embeddable":true,"href":"https:\/\/lerevedelouise.fr\/index.php\/wp-json\/wp\/v2\/users\/1"}],"replies":[{"embeddable":true,"href":"https:\/\/lerevedelouise.fr\/index.php\/wp-json\/wp\/v2\/comments?post=4154"}],"version-history":[{"count":7,"href":"https:\/\/lerevedelouise.fr\/index.php\/wp-json\/wp\/v2\/pages\/4154\/revisions"}],"predecessor-version":[{"id":4180,"href":"https:\/\/lerevedelouise.fr\/index.php\/wp-json\/wp\/v2\/pages\/4154\/revisions\/4180"}],"up":[{"embeddable":true,"href":"https:\/\/lerevedelouise.fr\/index.php\/wp-json\/wp\/v2\/pages\/480"}],"wp:attachment":[{"href":"https:\/\/lerevedelouise.fr\/index.php\/wp-json\/wp\/v2\/media?parent=4154"}],"curies":[{"name":"wp","href":"https:\/\/api.w.org\/{rel}","templated":true}]}}