{"id":440,"date":"2020-05-22T01:39:35","date_gmt":"2020-05-21T23:39:35","guid":{"rendered":"https:\/\/lerevedelouise.fr\/?page_id=440"},"modified":"2025-12-16T10:56:52","modified_gmt":"2025-12-16T09:56:52","slug":"positivite-pensee","status":"publish","type":"page","link":"https:\/\/lerevedelouise.fr\/index.php\/sommaire\/positivite-pensee\/","title":{"rendered":"Positivit\u00e9 &#038; Pens\u00e9e"},"content":{"rendered":"<span class=\"span-reading-time rt-reading-time\" style=\"display: block;\"><span class=\"rt-label rt-prefix\">Temps de lecture\u00a0: <\/span> <span class=\"rt-time\"> &lt;\u00a01<\/span> <span class=\"rt-label rt-postfix\">minute<\/span><\/span>\n<ul class=\"wp-block-list\">\n<li><a href=\"https:\/\/lerevedelouise.fr\/index.php\/2020\/10\/08\/vive-la-pensee-positive\/\">Vive la pens\u00e9e positive<\/a><\/li>\n\n\n\n<li><a href=\"https:\/\/lerevedelouise.fr\/index.php\/2022\/03\/03\/une-envie-de-bonheur\/\">Une envie de bonheur<\/a><\/li>\n<\/ul>\n\n\n<div class=\"wp-block-themezee-magazine-blocks-list tz-magazine-block \"><div class=\"tz-magazine-list tz-magazine-list-40-60\"><div class=\"tz-post-wrap\"><article id=\"post-4394\" class=\"tz-magazine-post post-4394 post tz-type-post status-publish format-image has-post-thumbnail hentry category-positivite-pensee tag-attitude-positive post_format-post-format-image\"><div class=\"tz-post-image\"><figure class=\"tz-entry-image entry-image\"><a href=\"https:\/\/lerevedelouise.fr\/index.php\/2022\/03\/03\/une-envie-de-bonheur\/\" rel=\"bookmark\"><img loading=\"lazy\" decoding=\"async\" width=\"300\" height=\"251\" src=\"https:\/\/lerevedelouise.fr\/wp-content\/uploads\/2022\/03\/une-envie-de-bonheur-300x251.jpg\" class=\"attachment-medium size-medium wp-post-image\" alt=\"une envie de bonheur\" \/><\/a><\/figure><\/div><div class=\"tz-post-content\"><header class=\"tz-entry-header entry-header\"><h2 class=\"tz-entry-title entry-title\"><a href=\"https:\/\/lerevedelouise.fr\/index.php\/2022\/03\/03\/une-envie-de-bonheur\/\" rel=\"bookmark\">Une envie de bonheur<\/a><\/h2><div class=\"tz-entry-meta entry-meta\"><span class=\"tz-meta-date meta-date tz-meta-field\"><a href=\"https:\/\/lerevedelouise.fr\/index.php\/2022\/03\/03\/une-envie-de-bonheur\/\" title=\"0 h 11 min\" rel=\"bookmark\"><time class=\"published updated\" datetime=\"2022-03-03T00:11:28+01:00\">3 mars 2022<\/time><\/a><\/span><span class=\"tz-meta-author meta-author tz-meta-field author vcard\"><a class=\"url fn n\" href=\"https:\/\/lerevedelouise.fr\/author\/admin\/\" title=\"View all posts by Pascale\" rel=\"author\">Pascale<\/a><\/span><span class=\"tz-meta-categories meta-categories tz-meta-field\"><a href=\"https:\/\/lerevedelouise.fr\/index.php\/category\/positivite-pensee\/\" rel=\"category tag\">Positivit\u00e9 &amp; Pens\u00e9e<\/a><\/span><\/div><\/header><div class=\"tz-entry-content entry-content\"><p>SommaireUne porte vers plus de joie et de bonheurObserver vos pens\u00e9eAmorcez le changement en vousLa pratique des affirmations positivesAccueillir les pens\u00e9es n\u00e9gatives autrementUne nouvelle relation <span class=\"tz-excerpt-more\">[&hellip;]<\/span><\/p><p class=\"tz-read-more read-more\"><a href=\"https:\/\/lerevedelouise.fr\/index.php\/2022\/03\/03\/une-envie-de-bonheur\/\" class=\"tz-more-link more-link\" rel=\"bookmark\">Lire la suite<\/a><\/p><\/div><\/div><\/article><\/div><\/div><\/div>","protected":false},"excerpt":{"rendered":"","protected":false},"author":1,"featured_media":0,"parent":412,"menu_order":3,"comment_status":"closed","ping_status":"closed","template":"","meta":{"_eb_attr":"","footnotes":""},"class_list":["post-440","page","type-page","status-publish","hentry"],"_links":{"self":[{"href":"https:\/\/lerevedelouise.fr\/index.php\/wp-json\/wp\/v2\/pages\/440","targetHints":{"allow":["GET"]}}],"collection":[{"href":"https:\/\/lerevedelouise.fr\/index.php\/wp-json\/wp\/v2\/pages"}],"about":[{"href":"https:\/\/lerevedelouise.fr\/index.php\/wp-json\/wp\/v2\/types\/page"}],"author":[{"embeddable":true,"href":"https:\/\/lerevedelouise.fr\/index.php\/wp-json\/wp\/v2\/users\/1"}],"replies":[{"embeddable":true,"href":"https:\/\/lerevedelouise.fr\/index.php\/wp-json\/wp\/v2\/comments?post=440"}],"version-history":[{"count":14,"href":"https:\/\/lerevedelouise.fr\/index.php\/wp-json\/wp\/v2\/pages\/440\/revisions"}],"predecessor-version":[{"id":12322,"href":"https:\/\/lerevedelouise.fr\/index.php\/wp-json\/wp\/v2\/pages\/440\/revisions\/12322"}],"up":[{"embeddable":true,"href":"https:\/\/lerevedelouise.fr\/index.php\/wp-json\/wp\/v2\/pages\/412"}],"wp:attachment":[{"href":"https:\/\/lerevedelouise.fr\/index.php\/wp-json\/wp\/v2\/media?parent=440"}],"curies":[{"name":"wp","href":"https:\/\/api.w.org\/{rel}","templated":true}]}}