{"id":480,"date":"2020-05-22T16:35:01","date_gmt":"2020-05-22T14:35:01","guid":{"rendered":"https:\/\/lerevedelouise.fr\/?page_id=480"},"modified":"2022-04-19T01:17:08","modified_gmt":"2022-04-18T23:17:08","slug":"case-0","status":"publish","type":"page","link":"https:\/\/lerevedelouise.fr\/index.php\/case-0\/","title":{"rendered":"Case 0"},"content":{"rendered":"<span class=\"span-reading-time rt-reading-time\" style=\"display: block;\"><span class=\"rt-label rt-prefix\">Temps de lecture\u00a0: <\/span> <span class=\"rt-time\"> &lt;\u00a01<\/span> <span class=\"rt-label rt-postfix\">minute<\/span><\/span>\n<h2 class=\"wp-block-heading\"><mark style=\"background-color:rgba(0, 0, 0, 0);color:#d7760e\" class=\"has-inline-color\">La porte<\/mark><\/h2>\n\n\n\n<div class=\"wp-block-image\"><figure class=\"aligncenter size-medium\"><a href=\"https:\/\/lerevedelouise.fr\/wp-content\/uploads\/2020\/05\/la-porte.jpg\"><img loading=\"lazy\" decoding=\"async\" width=\"300\" height=\"236\" src=\"https:\/\/lerevedelouise.fr\/wp-content\/uploads\/2020\/05\/la-porte-300x236.jpg\" alt=\"\" class=\"wp-image-481\" srcset=\"https:\/\/lerevedelouise.fr\/wp-content\/uploads\/2020\/05\/la-porte-300x236.jpg 300w, https:\/\/lerevedelouise.fr\/wp-content\/uploads\/2020\/05\/la-porte-600x472.jpg 600w, https:\/\/lerevedelouise.fr\/wp-content\/uploads\/2020\/05\/la-porte-1024x805.jpg 1024w, https:\/\/lerevedelouise.fr\/wp-content\/uploads\/2020\/05\/la-porte-768x604.jpg 768w, https:\/\/lerevedelouise.fr\/wp-content\/uploads\/2020\/05\/la-porte.jpg 1280w\" sizes=\"auto, (max-width: 300px) 100vw, 300px\" \/><\/a><\/figure><\/div>\n\n\n\n<p class=\"has-text-align-right\"><a href=\"https:\/\/lerevedelouise.fr\/index.php\/cycle-1-de-parcours-et-dinterpretation\/\">Parcours et cycle 1 d&rsquo;interpr\u00e9tation<\/a><\/p>\n\n\n\n<p>Il s\u2019agit d\u2019un symbole d\u2019ouverture, d\u2019entr\u00e9e, de d\u00e9part. En effet, c\u2019est \u00e0 partir de cette case que d\u00e9marre votre parcours qui va vous permettre d\u2019obtenir des informations sur votre situation pr\u00e9sente et sur votre \u00e9volution. La porte est donc un passage obligatoire, car c\u2019est la premi\u00e8re que vous franchirez en entamant votre parcours apr\u00e8s avoir jet\u00e9 votre d\u00e9 une premi\u00e8re fois.<\/p>\n\n\n\n<h2 class=\"wp-block-heading\"><mark style=\"background-color:rgba(0, 0, 0, 0);color:#d7760e\" class=\"has-inline-color\">Signification<\/mark><\/h2>\n\n\n\n<p>Sur cette case vous pouvez h\u00e9siter, parce que vous sentez que vous avez des difficult\u00e9s \u00e0 franchir un cap ou \u00e0 prendre une d\u00e9cision. Cette premi\u00e8re case vous invite \u00e0 r\u00e9fl\u00e9chir sur vos motivations qui vous poussent \u00e0 consulter le jeu de l\u2019oie symbolique. Soit vous n\u2019\u00eates pas dans une bonne disposition pour tirer profit des informations qui vont-vous \u00eatre r\u00e9v\u00e9l\u00e9es. Et dans ce cas vous n\u2019allez pas entamer ce parcours. Soit vous vous sentez pr\u00eat \u00e0 d\u00e9couvrir ce que va vous r\u00e9v\u00e9ler ce parcours et vous lancez le d\u00e9\u2026<a href=\"https:\/\/lerevedelouise.fr\/index.php\/cycle-1-de-parcours-et-dinterpretation\/\">Vous entrez dans le parcours et cycle 1 d&rsquo;interpr\u00e9tation. <\/a><\/p>\n\n\n\n<p class=\"has-small-font-size\"><mark style=\"background-color:rgba(0, 0, 0, 0);color:#d7760e\" class=\"has-inline-color\">Image par :<\/mark> <a href=\"https:\/\/pixabay.com\/fr\/users\/seth0s-816508\/?utm_source=link-attribution&amp;utm_medium=referral&amp;utm_campaign=image&amp;utm_content=681835\" target=\"_blank\" rel=\"noreferrer noopener\">Seth0s<\/a> <mark style=\"background-color:rgba(0, 0, 0, 0);color:#d7760e\" class=\"has-inline-color\">de<\/mark> <a href=\"https:\/\/pixabay.com\/fr\/\" target=\"_blank\" rel=\"noreferrer noopener\">Pixabay<\/a><\/p>\n\n\n\n<p class=\"has-small-font-size\"><mark style=\"background-color:rgba(0, 0, 0, 0);color:#d7760e\" class=\"has-inline-color\">Source :<\/mark> <a aria-label=\"les arts divinatoires \u2013 Hachette Collection (opens in a new tab)\" class=\"aioseop-link\" href=\"https:\/\/www.hachette-collections.com\/fr-fr\/?gclid=CjwKCAjw8J32BRBCEiwApQEKgdiFVIkH2wypRsYiCjhK4KTn5ifV_DR1FX_lAZt9mKdtG8ksfXzYzxoCfegQAvD_BwE\" target=\"_blank\" rel=\"noreferrer noopener\">les arts divina<em>toires \u2013 Hachette Collection<\/em><\/a><\/p>\n","protected":false},"excerpt":{"rendered":"<p>La porte Parcours et cycle 1 d&rsquo;interpr\u00e9tation Il s\u2019agit d\u2019un symbole d\u2019ouverture, d\u2019entr\u00e9e, de d\u00e9part. En effet, c\u2019est \u00e0 partir de cette case que d\u00e9marre votre parcours qui va vous permettre d\u2019obtenir des informations sur votre situation pr\u00e9sente et sur votre \u00e9volution. La porte est donc un passage obligatoire, car c\u2019est la premi\u00e8re que vous [&hellip;]<\/p>\n","protected":false},"author":1,"featured_media":0,"parent":0,"menu_order":0,"comment_status":"closed","ping_status":"closed","template":"","meta":{"_eb_attr":"","footnotes":""},"class_list":["post-480","page","type-page","status-publish","hentry"],"_links":{"self":[{"href":"https:\/\/lerevedelouise.fr\/index.php\/wp-json\/wp\/v2\/pages\/480","targetHints":{"allow":["GET"]}}],"collection":[{"href":"https:\/\/lerevedelouise.fr\/index.php\/wp-json\/wp\/v2\/pages"}],"about":[{"href":"https:\/\/lerevedelouise.fr\/index.php\/wp-json\/wp\/v2\/types\/page"}],"author":[{"embeddable":true,"href":"https:\/\/lerevedelouise.fr\/index.php\/wp-json\/wp\/v2\/users\/1"}],"replies":[{"embeddable":true,"href":"https:\/\/lerevedelouise.fr\/index.php\/wp-json\/wp\/v2\/comments?post=480"}],"version-history":[{"count":28,"href":"https:\/\/lerevedelouise.fr\/index.php\/wp-json\/wp\/v2\/pages\/480\/revisions"}],"predecessor-version":[{"id":6847,"href":"https:\/\/lerevedelouise.fr\/index.php\/wp-json\/wp\/v2\/pages\/480\/revisions\/6847"}],"wp:attachment":[{"href":"https:\/\/lerevedelouise.fr\/index.php\/wp-json\/wp\/v2\/media?parent=480"}],"curies":[{"name":"wp","href":"https:\/\/api.w.org\/{rel}","templated":true}]}}