{"id":4823,"date":"2022-03-13T19:44:54","date_gmt":"2022-03-13T18:44:54","guid":{"rendered":"https:\/\/lerevedelouise.fr\/?page_id=4823"},"modified":"2024-02-05T16:22:16","modified_gmt":"2024-02-05T15:22:16","slug":"case-41","status":"publish","type":"page","link":"https:\/\/lerevedelouise.fr\/index.php\/case-0\/case-41\/","title":{"rendered":"Case 41"},"content":{"rendered":"<span class=\"span-reading-time rt-reading-time\" style=\"display: block;\"><span class=\"rt-label rt-prefix\">Temps de lecture\u00a0: <\/span> <span class=\"rt-time\"> 2<\/span> <span class=\"rt-label rt-postfix\">minutes<\/span><\/span>\n<div class=\"wp-block-image\"><figure class=\"aligncenter size-medium\"><a href=\"https:\/\/lerevedelouise.fr\/wp-content\/uploads\/2022\/03\/cristal-1.jpg\"><img loading=\"lazy\" decoding=\"async\" width=\"300\" height=\"169\" src=\"https:\/\/lerevedelouise.fr\/wp-content\/uploads\/2022\/03\/cristal-1-300x169.jpg\" alt=\"\" class=\"wp-image-4826\" srcset=\"https:\/\/lerevedelouise.fr\/wp-content\/uploads\/2022\/03\/cristal-1-300x169.jpg 300w, https:\/\/lerevedelouise.fr\/wp-content\/uploads\/2022\/03\/cristal-1-600x338.jpg 600w, https:\/\/lerevedelouise.fr\/wp-content\/uploads\/2022\/03\/cristal-1-1024x576.jpg 1024w, https:\/\/lerevedelouise.fr\/wp-content\/uploads\/2022\/03\/cristal-1-768x432.jpg 768w, https:\/\/lerevedelouise.fr\/wp-content\/uploads\/2022\/03\/cristal-1.jpg 1280w\" sizes=\"auto, (max-width: 300px) 100vw, 300px\" \/><\/a><\/figure><\/div>\n\n\n\n<h4 class=\"wp-block-heading\"><span style=\"color:#d7760e\" class=\"has-inline-color\">Le cristal<\/span><\/h4>\n\n\n\n<p>La \u00ab\u00a0pierre de lumi\u00e8re\u00a0\u00bb appellation donn\u00e9e au cristal de roche par les chamans, ne poss\u00e8de en soi aucune propri\u00e9t\u00e9 particuli\u00e8re. Cependant, sa forme, sa transparence et sa propri\u00e9t\u00e9 tout \u00e0 fait originale de r\u00e9fraction de la lumi\u00e8re en ont fait, aux yeux de nos anc\u00eatres, depuis la nuit des temps, une pierre magique, c\u00e9leste ou divine. Sa beaut\u00e9 force en effet l&rsquo;admiration. Elle a quelque chose de parfait, si tant est que l&rsquo;on veuille donner une forme \u00e0 la perfection. Elle donne l&rsquo;impression d&rsquo;avoir \u00e9t\u00e9 cisel\u00e9e par une main pourvue d&rsquo;un pouvoir ou d&rsquo;un don hors du commun. Elle fut donc employ\u00e9e de tout temps comme support \u00e0 la divination, \u00e0 la m\u00e9ditation et m\u00eame diff\u00e9rents diagnostics. <\/p>\n\n\n\n<h4 class=\"wp-block-heading\"><span style=\"color:#d7760e\" class=\"has-inline-color\">Signification<\/span><\/h4>\n\n\n\n<p>Lorsque votre pion se fixe sur cette case de la \u00ab\u00a0pierre lumi\u00e8re\u00a0\u00bb, il peut \u00eatre fait allusion \u00e0 votre qu\u00eate ou votre soif de perfection et d&rsquo;absolu, qui vous rend alors id\u00e9aliste, perfectionniste et donc peut \u00eatre st\u00e9rile, car au fond vous semblez convaincu de ne jamais pouvoir atteindre ce degr\u00e9 supr\u00eame de r\u00e9alisation auquel vous aspirez, pr\u00e9f\u00e9rant alors renoncer \u00e0 toute entreprise ou cr\u00e9ation. C&rsquo;est surtout sur toutes les facult\u00e9s, latentes dont vous \u00eates pourvu que l&rsquo;accent est mis : intuition, inspiration, imagination, r\u00e9ceptivit\u00e9, bon instinct, bon sens, capacit\u00e9s d&rsquo;analyse et esprit de synth\u00e8se. En d&rsquo;autres termes, ce cristal n&rsquo;est rien d&rsquo;autre qu&rsquo;une repr\u00e9sentation de vos facult\u00e9s mentales et cognitives, qui vous rendent capable d&rsquo;exploiter votre sixi\u00e8me sens. <\/p>\n\n\n\n<p class=\"has-small-font-size\"><span style=\"color:#d7760e\" class=\"has-inline-color\">Image par :<\/span> <a href=\"https:\/\/pixabay.com\/fr\/users\/lisaredfern-910282\/\" target=\"_blank\" rel=\"noreferrer noopener\">LisaRedfern<\/a> <span style=\"color:#d7760e\" class=\"has-inline-color\">de<\/span> <a href=\"https:\/\/pixabay.com\/fr\/\" target=\"_blank\" rel=\"noreferrer noopener\">Pixabay<\/a><\/p>\n\n\n\n<p class=\"has-small-font-size\"><span style=\"color:#d7760e\" class=\"has-inline-color\">Source :<\/span> <a href=\"https:\/\/www.hachette-collections.com\/fr-fr\/?gclid=CjwKCAjw8J32BRBCEiwApQEKgdiFVIkH2wypRsYiCjhK4KTn5ifV_DR1FX_lAZt9mKdtG8ksfXzYzxoCfegQAvD_BwE\" target=\"_blank\" rel=\"noreferrer noopener\">les arts divina<em>toires \u2013 Hachette Collection<\/em><\/a><\/p>\n","protected":false},"excerpt":{"rendered":"<p>Le cristal La \u00ab\u00a0pierre de lumi\u00e8re\u00a0\u00bb appellation donn\u00e9e au cristal de roche par les chamans, ne poss\u00e8de en soi aucune propri\u00e9t\u00e9 particuli\u00e8re. Cependant, sa forme, sa transparence et sa propri\u00e9t\u00e9 tout \u00e0 fait originale de r\u00e9fraction de la lumi\u00e8re en ont fait, aux yeux de nos anc\u00eatres, depuis la nuit des temps, une pierre magique, [&hellip;]<\/p>\n","protected":false},"author":1,"featured_media":0,"parent":480,"menu_order":41,"comment_status":"closed","ping_status":"closed","template":"","meta":{"_eb_attr":"","footnotes":""},"class_list":["post-4823","page","type-page","status-publish","hentry"],"_links":{"self":[{"href":"https:\/\/lerevedelouise.fr\/index.php\/wp-json\/wp\/v2\/pages\/4823","targetHints":{"allow":["GET"]}}],"collection":[{"href":"https:\/\/lerevedelouise.fr\/index.php\/wp-json\/wp\/v2\/pages"}],"about":[{"href":"https:\/\/lerevedelouise.fr\/index.php\/wp-json\/wp\/v2\/types\/page"}],"author":[{"embeddable":true,"href":"https:\/\/lerevedelouise.fr\/index.php\/wp-json\/wp\/v2\/users\/1"}],"replies":[{"embeddable":true,"href":"https:\/\/lerevedelouise.fr\/index.php\/wp-json\/wp\/v2\/comments?post=4823"}],"version-history":[{"count":8,"href":"https:\/\/lerevedelouise.fr\/index.php\/wp-json\/wp\/v2\/pages\/4823\/revisions"}],"predecessor-version":[{"id":4836,"href":"https:\/\/lerevedelouise.fr\/index.php\/wp-json\/wp\/v2\/pages\/4823\/revisions\/4836"}],"up":[{"embeddable":true,"href":"https:\/\/lerevedelouise.fr\/index.php\/wp-json\/wp\/v2\/pages\/480"}],"wp:attachment":[{"href":"https:\/\/lerevedelouise.fr\/index.php\/wp-json\/wp\/v2\/media?parent=4823"}],"curies":[{"name":"wp","href":"https:\/\/api.w.org\/{rel}","templated":true}]}}