{"id":495,"date":"2020-05-22T17:57:47","date_gmt":"2020-05-22T15:57:47","guid":{"rendered":"https:\/\/lerevedelouise.fr\/?page_id=495"},"modified":"2024-02-05T15:59:09","modified_gmt":"2024-02-05T14:59:09","slug":"case-2","status":"publish","type":"page","link":"https:\/\/lerevedelouise.fr\/index.php\/case-0\/case-2\/","title":{"rendered":"Case 2"},"content":{"rendered":"<span class=\"span-reading-time rt-reading-time\" style=\"display: block;\"><span class=\"rt-label rt-prefix\">Temps de lecture\u00a0: <\/span> <span class=\"rt-time\"> 2<\/span> <span class=\"rt-label rt-postfix\">minutes<\/span><\/span>\n<h4 class=\"wp-block-heading\"><span style=\"color:#d7760e\" class=\"has-inline-color\">La for\u00eat<\/span><\/h4>\n\n\n\n<div class=\"wp-block-image\"><figure class=\"aligncenter size-medium\"><a href=\"https:\/\/lerevedelouise.fr\/wp-content\/uploads\/2020\/05\/for\u00eat.jpg\"><img loading=\"lazy\" decoding=\"async\" width=\"300\" height=\"300\" src=\"https:\/\/lerevedelouise.fr\/wp-content\/uploads\/2020\/05\/for\u00eat-300x300.jpg\" alt=\"\" class=\"wp-image-552\" srcset=\"https:\/\/lerevedelouise.fr\/wp-content\/uploads\/2020\/05\/for\u00eat-300x300.jpg 300w, https:\/\/lerevedelouise.fr\/wp-content\/uploads\/2020\/05\/for\u00eat-100x100.jpg 100w, https:\/\/lerevedelouise.fr\/wp-content\/uploads\/2020\/05\/for\u00eat-600x600.jpg 600w, https:\/\/lerevedelouise.fr\/wp-content\/uploads\/2020\/05\/for\u00eat-1024x1024.jpg 1024w, https:\/\/lerevedelouise.fr\/wp-content\/uploads\/2020\/05\/for\u00eat-150x150.jpg 150w, https:\/\/lerevedelouise.fr\/wp-content\/uploads\/2020\/05\/for\u00eat-768x768.jpg 768w, https:\/\/lerevedelouise.fr\/wp-content\/uploads\/2020\/05\/for\u00eat-80x80.jpg 80w, https:\/\/lerevedelouise.fr\/wp-content\/uploads\/2020\/05\/for\u00eat.jpg 1280w\" sizes=\"auto, (max-width: 300px) 100vw, 300px\" \/><\/a><\/figure><\/div>\n\n\n\n<p>La for\u00eat symbolise les myst\u00e8res de la nature sauvage et par analogie tout ce qui est enfoui, cach\u00e9, dissimul\u00e9 au fond de vous. L&rsquo;univers fantasmagorique de vos r\u00eaves, de vos secrets, de vos craintes et de vos angoisses. Mais aussi tout le monde merveilleux et fantastique de la magie. Ainsi, souvent la for\u00eat appara\u00eet comme un univers vierge et inexplor\u00e9 dans lequel vous devez plong\u00e9 pour trouver ou d\u00e9couvrir quelque chose d&rsquo;important. Il s&rsquo;agit d&rsquo;un monde qui rec\u00e8le pleins de pi\u00e8ges et de dangers, d&rsquo;un monde inconnu o\u00f9 si vous n&rsquo;y prenez pas garde, vous pouvez vous perdre. Ainsi, la for\u00eat figure une plong\u00e9e dans la vie inconsciente et primitive, dont vous pouvez ressortir r\u00e9g\u00e9n\u00e9r\u00e9, mais attention \u00e0 ne pas vous y perdre.<\/p>\n\n\n\n<h4 class=\"wp-block-heading\"><span style=\"color:#d7760e\" class=\"has-inline-color\">Signification<\/span><\/h4>\n\n\n\n<p>L&rsquo;apparition de cette case dans votre parcours vous indique la n\u00e9cessit\u00e9 de franchir une \u00e9tape importante dans votre vie. Pour cela vous devez faire appel \u00e0 toutes vos ressources personnelles y compris celles que vous n&rsquo;osez pas utiliser. Le conseil qui vous est donn\u00e9, c&rsquo;est de ne pas h\u00e9siter \u00e0 prendre du recul dans votre vie et de vivre des moments de solitudes pour faire vos choix et prendre vos d\u00e9cisions.<\/p>\n\n\n\n<p class=\"has-small-font-size\"><span style=\"color:#d7760e\" class=\"has-inline-color\">Image par :<\/span> <a href=\"https:\/\/pixabay.com\/fr\/users\/susannp4-1777190\/?utm_source=link-attribution&amp;utm_medium=referral&amp;utm_campaign=image&amp;utm_content=1699079\" target=\"_blank\" rel=\"noreferrer noopener\">Susann Mielke<\/a><span style=\"color:#d7760e\" class=\"has-inline-color\"> de<\/span> <a href=\"https:\/\/pixabay.com\/fr\/\" target=\"_blank\" rel=\"noreferrer noopener\">Pixabay<\/a><\/p>\n\n\n\n<p class=\"has-small-font-size\"><span style=\"color:#d7760e\" class=\"has-inline-color\">Source :<\/span> <a aria-label=\"les arts divinatoires \u2013 Hachette Collection (opens in a new tab)\" class=\"aioseop-link\" href=\"https:\/\/www.hachette-collections.com\/fr-fr\/?gclid=CjwKCAjw8J32BRBCEiwApQEKgdiFVIkH2wypRsYiCjhK4KTn5ifV_DR1FX_lAZt9mKdtG8ksfXzYzxoCfegQAvD_BwE\" target=\"_blank\" rel=\"noreferrer noopener\">les arts divina<em>toires \u2013 Hachette Collection<\/em><\/a><\/p>\n","protected":false},"excerpt":{"rendered":"<p>La for\u00eat La for\u00eat symbolise les myst\u00e8res de la nature sauvage et par analogie tout ce qui est enfoui, cach\u00e9, dissimul\u00e9 au fond de vous. L&rsquo;univers fantasmagorique de vos r\u00eaves, de vos secrets, de vos craintes et de vos angoisses. Mais aussi tout le monde merveilleux et fantastique de la magie. Ainsi, souvent la for\u00eat [&hellip;]<\/p>\n","protected":false},"author":1,"featured_media":0,"parent":480,"menu_order":2,"comment_status":"closed","ping_status":"closed","template":"","meta":{"_eb_attr":"","footnotes":""},"class_list":["post-495","page","type-page","status-publish","hentry"],"_links":{"self":[{"href":"https:\/\/lerevedelouise.fr\/index.php\/wp-json\/wp\/v2\/pages\/495","targetHints":{"allow":["GET"]}}],"collection":[{"href":"https:\/\/lerevedelouise.fr\/index.php\/wp-json\/wp\/v2\/pages"}],"about":[{"href":"https:\/\/lerevedelouise.fr\/index.php\/wp-json\/wp\/v2\/types\/page"}],"author":[{"embeddable":true,"href":"https:\/\/lerevedelouise.fr\/index.php\/wp-json\/wp\/v2\/users\/1"}],"replies":[{"embeddable":true,"href":"https:\/\/lerevedelouise.fr\/index.php\/wp-json\/wp\/v2\/comments?post=495"}],"version-history":[{"count":15,"href":"https:\/\/lerevedelouise.fr\/index.php\/wp-json\/wp\/v2\/pages\/495\/revisions"}],"predecessor-version":[{"id":4271,"href":"https:\/\/lerevedelouise.fr\/index.php\/wp-json\/wp\/v2\/pages\/495\/revisions\/4271"}],"up":[{"embeddable":true,"href":"https:\/\/lerevedelouise.fr\/index.php\/wp-json\/wp\/v2\/pages\/480"}],"wp:attachment":[{"href":"https:\/\/lerevedelouise.fr\/index.php\/wp-json\/wp\/v2\/media?parent=495"}],"curies":[{"name":"wp","href":"https:\/\/api.w.org\/{rel}","templated":true}]}}