{"id":5841,"date":"2022-04-02T23:01:34","date_gmt":"2022-04-02T21:01:34","guid":{"rendered":"https:\/\/lerevedelouise.fr\/?page_id=5841"},"modified":"2024-02-05T16:23:32","modified_gmt":"2024-02-05T15:23:32","slug":"case-48","status":"publish","type":"page","link":"https:\/\/lerevedelouise.fr\/index.php\/case-0\/case-48\/","title":{"rendered":"Case 48"},"content":{"rendered":"<span class=\"span-reading-time rt-reading-time\" style=\"display: block;\"><span class=\"rt-label rt-prefix\">Temps de lecture\u00a0: <\/span> <span class=\"rt-time\"> 2<\/span> <span class=\"rt-label rt-postfix\">minutes<\/span><\/span>\n<div class=\"wp-block-image\"><figure class=\"aligncenter size-medium\"><a href=\"https:\/\/lerevedelouise.fr\/wp-content\/uploads\/2022\/04\/source.jpg\"><img loading=\"lazy\" decoding=\"async\" width=\"300\" height=\"200\" src=\"https:\/\/lerevedelouise.fr\/wp-content\/uploads\/2022\/04\/source-300x200.jpg\" alt=\"\" class=\"wp-image-5842\" srcset=\"https:\/\/lerevedelouise.fr\/wp-content\/uploads\/2022\/04\/source-300x200.jpg 300w, https:\/\/lerevedelouise.fr\/wp-content\/uploads\/2022\/04\/source-600x400.jpg 600w, https:\/\/lerevedelouise.fr\/wp-content\/uploads\/2022\/04\/source-1024x682.jpg 1024w, https:\/\/lerevedelouise.fr\/wp-content\/uploads\/2022\/04\/source-768x512.jpg 768w, https:\/\/lerevedelouise.fr\/wp-content\/uploads\/2022\/04\/source-272x182.jpg 272w, https:\/\/lerevedelouise.fr\/wp-content\/uploads\/2022\/04\/source.jpg 1280w\" sizes=\"auto, (max-width: 300px) 100vw, 300px\" \/><\/a><\/figure><\/div>\n\n\n\n<h2 class=\"has-text-color wp-block-heading\" style=\"color:#d7760e\">La source<\/h2>\n\n\n\n<p>Nous voici  encore en pr\u00e9sence d&rsquo;un symbole dit universel, parce qu&rsquo;il est commun \u00e0 toutes les cultures et civilisations du monde. Par ailleurs, nous avons d\u00e9j\u00e0 eu l&rsquo;occasion de voir que deux symboles pr\u00e9c\u00e9dents le puits et la fontaine, s&rsquo;y rattachent. Qui n&rsquo;a jamais vu une source jaillir du sol ne peut comprendre l&rsquo;\u00e9merveillement que l&rsquo;on \u00e9prouve devant ce ph\u00e9nom\u00e8ne de la nature qui, bien s\u00fbr, s&rsquo;explique tr\u00e8s bien et n&rsquo;a pas de myst\u00e8re pour l&rsquo;homme moderne, mais n&rsquo;en poss\u00e8de pas moins un caract\u00e8re magique. Il faut le voir pour le croire, dit-on souvent. C&rsquo;est exactement le cas. Mais de nos jours, ce ph\u00e9nom\u00e8ne de la nature que nous trouvons normal, ordinaire voire, mais qui demeure pourtant rare et pr\u00e9cieux, ne nous \u00e9tonne pas plus que de disposer d&rsquo;autant d&rsquo;eau que l&rsquo;on veut chez soi. Un peu partout dans le monde, depuis le d\u00e9but du XXe si\u00e8cle, les sources disparaissent, les rivi\u00e8res s&rsquo;ass\u00e8chent. Qui donc ressent le besoin d&rsquo;aller \u00e0 la source, aujourd&rsquo;hui ? Peut \u00eatre attend-on que les d\u00e9serts, \u00e0 l&rsquo;instar de mers, recouvrent \u00e0 leur tour la plus grande partie des terres \u00e9merg\u00e9es ?<\/p>\n\n\n\n<h2 class=\"has-text-color wp-block-heading\" style=\"color:#d7760e\">Signification<\/h2>\n\n\n\n<p>Lorsque votre pion se pose sur cette case, c&rsquo;est une mise en garde qui vous est r\u00e9v\u00e9l\u00e9e. Si vous n&rsquo;allez pas \u00e0 la source, si vous ne retrouvez pas cette puret\u00e9 originelle qui est en vous, si vous ne remontez pas aux sources de votre \u00e2me d&rsquo;o\u00f9 d\u00e9coulent votre destin et votre vie, votre volont\u00e9 et votre libre arbitre, si vous ne laissez pas votre vie couler de source, en quelque sorte, votre c\u0153ur risque de s&rsquo;ass\u00e9cher, votre imagination et votre inspiration de se tarir. Cette case est une invitation \u00e0 retrouver la simplicit\u00e9, la puret\u00e9, la spontan\u00e9it\u00e9 de vos pens\u00e9es et de vos actes. <\/p>\n\n\n\n<p class=\"has-text-color has-small-font-size\" style=\"color:#d7760e\">Image par : <a href=\"https:\/\/pixabay.com\/fr\/users\/ertz-4373570\/\" target=\"_blank\" rel=\"noreferrer noopener\">Ertz<\/a> de <a href=\"https:\/\/pixabay.com\/fr\/\" target=\"_blank\" rel=\"noreferrer noopener\">Pixabay<\/a><\/p>\n\n\n\n<p class=\"has-text-color has-small-font-size\" style=\"color:#d7760e\">Source : <a href=\"https:\/\/www.hachette-collections.com\/fr-fr\/?gclid=CjwKCAjw8J32BRBCEiwApQEKgdiFVIkH2wypRsYiCjhK4KTn5ifV_DR1FX_lAZt9mKdtG8ksfXzYzxoCfegQAvD_BwE\" target=\"_blank\" rel=\"noreferrer noopener\">les arts divina<em>toires \u2013 Hachette Collection<\/em><\/a><\/p>\n","protected":false},"excerpt":{"rendered":"<p>La source Nous voici encore en pr\u00e9sence d&rsquo;un symbole dit universel, parce qu&rsquo;il est commun \u00e0 toutes les cultures et civilisations du monde. Par ailleurs, nous avons d\u00e9j\u00e0 eu l&rsquo;occasion de voir que deux symboles pr\u00e9c\u00e9dents le puits et la fontaine, s&rsquo;y rattachent. Qui n&rsquo;a jamais vu une source jaillir du sol ne peut comprendre [&hellip;]<\/p>\n","protected":false},"author":1,"featured_media":0,"parent":480,"menu_order":48,"comment_status":"closed","ping_status":"closed","template":"","meta":{"_eb_attr":"","footnotes":""},"class_list":["post-5841","page","type-page","status-publish","hentry"],"_links":{"self":[{"href":"https:\/\/lerevedelouise.fr\/index.php\/wp-json\/wp\/v2\/pages\/5841","targetHints":{"allow":["GET"]}}],"collection":[{"href":"https:\/\/lerevedelouise.fr\/index.php\/wp-json\/wp\/v2\/pages"}],"about":[{"href":"https:\/\/lerevedelouise.fr\/index.php\/wp-json\/wp\/v2\/types\/page"}],"author":[{"embeddable":true,"href":"https:\/\/lerevedelouise.fr\/index.php\/wp-json\/wp\/v2\/users\/1"}],"replies":[{"embeddable":true,"href":"https:\/\/lerevedelouise.fr\/index.php\/wp-json\/wp\/v2\/comments?post=5841"}],"version-history":[{"count":5,"href":"https:\/\/lerevedelouise.fr\/index.php\/wp-json\/wp\/v2\/pages\/5841\/revisions"}],"predecessor-version":[{"id":5856,"href":"https:\/\/lerevedelouise.fr\/index.php\/wp-json\/wp\/v2\/pages\/5841\/revisions\/5856"}],"up":[{"embeddable":true,"href":"https:\/\/lerevedelouise.fr\/index.php\/wp-json\/wp\/v2\/pages\/480"}],"wp:attachment":[{"href":"https:\/\/lerevedelouise.fr\/index.php\/wp-json\/wp\/v2\/media?parent=5841"}],"curies":[{"name":"wp","href":"https:\/\/api.w.org\/{rel}","templated":true}]}}