{"id":6422,"date":"2022-04-09T19:28:16","date_gmt":"2022-04-09T17:28:16","guid":{"rendered":"https:\/\/lerevedelouise.fr\/?page_id=6422"},"modified":"2024-02-05T16:23:55","modified_gmt":"2024-02-05T15:23:55","slug":"case-50","status":"publish","type":"page","link":"https:\/\/lerevedelouise.fr\/index.php\/case-0\/case-50\/","title":{"rendered":"Case 50"},"content":{"rendered":"<span class=\"span-reading-time rt-reading-time\" style=\"display: block;\"><span class=\"rt-label rt-prefix\">Temps de lecture\u00a0: <\/span> <span class=\"rt-time\"> 2<\/span> <span class=\"rt-label rt-postfix\">minutes<\/span><\/span>\n<div class=\"wp-block-image is-style-default\"><figure class=\"aligncenter size-medium\"><a href=\"https:\/\/lerevedelouise.fr\/wp-content\/uploads\/2022\/04\/prison.jpg\"><img loading=\"lazy\" decoding=\"async\" width=\"300\" height=\"169\" src=\"https:\/\/lerevedelouise.fr\/wp-content\/uploads\/2022\/04\/prison-300x169.jpg\" alt=\"\" class=\"wp-image-6423\" srcset=\"https:\/\/lerevedelouise.fr\/wp-content\/uploads\/2022\/04\/prison-300x169.jpg 300w, https:\/\/lerevedelouise.fr\/wp-content\/uploads\/2022\/04\/prison-600x338.jpg 600w, https:\/\/lerevedelouise.fr\/wp-content\/uploads\/2022\/04\/prison-1024x576.jpg 1024w, https:\/\/lerevedelouise.fr\/wp-content\/uploads\/2022\/04\/prison-768x432.jpg 768w, https:\/\/lerevedelouise.fr\/wp-content\/uploads\/2022\/04\/prison.jpg 1280w\" sizes=\"auto, (max-width: 300px) 100vw, 300px\" \/><\/a><\/figure><\/div>\n\n\n\n<h4 class=\"has-text-color wp-block-heading\" style=\"color:#d7760e\">La prison<\/h4>\n\n\n\n<p>La prison est un lieu de passage. Aussi curieux et paradoxal que celui puisse para\u00eetre, ce symbole pr\u00e9sente de nombreux points communs avec l&rsquo;auberge. La personne qui ne consid\u00e8re pas l&rsquo;auberge comme une \u00e9tape n\u00e9cessaire, mais qui serait enclin \u00e0 y s\u00e9journer trop longuement ou \u00e0 s&rsquo;y installer d\u00e9finitivement, interrompt son \u00e9volution. De m\u00eame, celui qui est enferm\u00e9 dans une prison subit un juste ch\u00e2timent. Durant un certain temps, il ne sera plus libre de ses actes. Sa volont\u00e9 est encha\u00een\u00e9e. Mais un ch\u00e2timent n&rsquo;a d&rsquo;int\u00e9r\u00eat que si l&rsquo;\u00eatre qui s&rsquo;est rendu indigne peut en mesurer l&rsquo;importance et en tirer des enseignements utiles \u00e0 son \u00e9volution personnelle. C&rsquo;est en cela que, parfois la prison est une \u00e9tape n\u00e9cessaire sur le chemin de la vie, quand une faute ou une transgression a \u00e9t\u00e9 commise. Il s&rsquo;agit donc d&rsquo;un lieu propice \u00e0 la r\u00e9g\u00e9n\u00e9ration. L&rsquo;\u00eatre qui s&rsquo;y trouve doit pouvoir prendre conscience de ses erreurs, se remettre en question et en sortir pour pouvoir agir, d\u00e9sormais en son \u00e2me et conscience.<\/p>\n\n\n\n<h4 class=\"has-text-color wp-block-heading\" style=\"color:#d7760e\">Signification<\/h4>\n\n\n\n<p>Lorsque votre pion se pose sur cette case, cela vous invite \u00e0 prendre conscience de ce qui vous encha\u00eene, vous retient prisonnier, vous emp\u00eache de poursuivre votre chemin et votre \u00e9volution. Toutefois, ce n&rsquo;est qu&rsquo;en acceptant de demeurer enferm\u00e9 un certain temps dans la prison de vous-m\u00eame, que vous comprendrez qu&rsquo;elles fautes ou erreurs vous avez commis. Car si vous \u00eates victime de vos sens, de votre mental ou de votre moi, vous \u00eates avant tout prisonnier de vous-m\u00eame.  <\/p>\n\n\n\n<p class=\"has-text-color has-small-font-size\" style=\"color:#d7760e\">Image par : <a href=\"https:\/\/pixabay.com\/fr\/users\/mastertux-470906\/\" target=\"_blank\" rel=\"noreferrer noopener\" title=\"MasterTux\">MasterTux<\/a> de <a href=\"https:\/\/pixabay.com\/fr\/\" target=\"_blank\" rel=\"noreferrer noopener\">Pixabay<\/a><\/p>\n\n\n\n<p class=\"has-text-color has-small-font-size\" style=\"color:#d7760e\">Source : <a href=\"https:\/\/www.hachette-collections.com\/fr-fr\/?gclid=CjwKCAjw8J32BRBCEiwApQEKgdiFVIkH2wypRsYiCjhK4KTn5ifV_DR1FX_lAZt9mKdtG8ksfXzYzxoCfegQAvD_BwE\" target=\"_blank\" rel=\"noreferrer noopener\">les arts divina<em>toires \u2013 Hachette Collection<\/em><\/a><\/p>\n","protected":false},"excerpt":{"rendered":"<p>La prison La prison est un lieu de passage. Aussi curieux et paradoxal que celui puisse para\u00eetre, ce symbole pr\u00e9sente de nombreux points communs avec l&rsquo;auberge. La personne qui ne consid\u00e8re pas l&rsquo;auberge comme une \u00e9tape n\u00e9cessaire, mais qui serait enclin \u00e0 y s\u00e9journer trop longuement ou \u00e0 s&rsquo;y installer d\u00e9finitivement, interrompt son \u00e9volution. De [&hellip;]<\/p>\n","protected":false},"author":1,"featured_media":0,"parent":480,"menu_order":50,"comment_status":"closed","ping_status":"closed","template":"","meta":{"_eb_attr":"","footnotes":""},"class_list":["post-6422","page","type-page","status-publish","hentry"],"_links":{"self":[{"href":"https:\/\/lerevedelouise.fr\/index.php\/wp-json\/wp\/v2\/pages\/6422","targetHints":{"allow":["GET"]}}],"collection":[{"href":"https:\/\/lerevedelouise.fr\/index.php\/wp-json\/wp\/v2\/pages"}],"about":[{"href":"https:\/\/lerevedelouise.fr\/index.php\/wp-json\/wp\/v2\/types\/page"}],"author":[{"embeddable":true,"href":"https:\/\/lerevedelouise.fr\/index.php\/wp-json\/wp\/v2\/users\/1"}],"replies":[{"embeddable":true,"href":"https:\/\/lerevedelouise.fr\/index.php\/wp-json\/wp\/v2\/comments?post=6422"}],"version-history":[{"count":2,"href":"https:\/\/lerevedelouise.fr\/index.php\/wp-json\/wp\/v2\/pages\/6422\/revisions"}],"predecessor-version":[{"id":6433,"href":"https:\/\/lerevedelouise.fr\/index.php\/wp-json\/wp\/v2\/pages\/6422\/revisions\/6433"}],"up":[{"embeddable":true,"href":"https:\/\/lerevedelouise.fr\/index.php\/wp-json\/wp\/v2\/pages\/480"}],"wp:attachment":[{"href":"https:\/\/lerevedelouise.fr\/index.php\/wp-json\/wp\/v2\/media?parent=6422"}],"curies":[{"name":"wp","href":"https:\/\/api.w.org\/{rel}","templated":true}]}}