{"id":7242,"date":"2022-06-25T18:01:20","date_gmt":"2022-06-25T16:01:20","guid":{"rendered":"https:\/\/lerevedelouise.fr\/?page_id=7242"},"modified":"2024-08-30T16:08:14","modified_gmt":"2024-08-30T14:08:14","slug":"le-signe-du-cancer","status":"publish","type":"page","link":"https:\/\/lerevedelouise.fr\/index.php\/le-signe-du-belier\/le-signe-du-cancer\/","title":{"rendered":"Le signe du Cancer"},"content":{"rendered":"<span class=\"span-reading-time rt-reading-time\" style=\"display: block;\"><span class=\"rt-label rt-prefix\">Temps de lecture\u00a0: <\/span> <span class=\"rt-time\"> 2<\/span> <span class=\"rt-label rt-postfix\">minutes<\/span><\/span>\n<h2 class=\"wp-block-heading has-text-color\" style=\"color:#d7760e\">Une \u00e9nergie sensible et nostalgique<\/h2>\n\n\n\n<div class=\"wp-block-columns is-layout-flex wp-container-core-columns-is-layout-9d6595d7 wp-block-columns-is-layout-flex\">\n<div class=\"wp-block-column is-layout-flow wp-block-column-is-layout-flow\" style=\"flex-basis:33.33%\">\n<figure class=\"wp-block-image size-large is-style-default\"><a href=\"https:\/\/lerevedelouise.fr\/wp-content\/uploads\/2022\/02\/cancer-zodiaque-4.jpg\"><img loading=\"lazy\" decoding=\"async\" width=\"1024\" height=\"1024\" src=\"https:\/\/lerevedelouise.fr\/wp-content\/uploads\/2022\/02\/cancer-zodiaque-4-1024x1024.jpg\" alt=\"\" class=\"wp-image-4137\" srcset=\"https:\/\/lerevedelouise.fr\/wp-content\/uploads\/2022\/02\/cancer-zodiaque-4-1024x1024.jpg 1024w, https:\/\/lerevedelouise.fr\/wp-content\/uploads\/2022\/02\/cancer-zodiaque-4-100x100.jpg 100w, https:\/\/lerevedelouise.fr\/wp-content\/uploads\/2022\/02\/cancer-zodiaque-4-600x600.jpg 600w, https:\/\/lerevedelouise.fr\/wp-content\/uploads\/2022\/02\/cancer-zodiaque-4-300x300.jpg 300w, https:\/\/lerevedelouise.fr\/wp-content\/uploads\/2022\/02\/cancer-zodiaque-4-150x150.jpg 150w, https:\/\/lerevedelouise.fr\/wp-content\/uploads\/2022\/02\/cancer-zodiaque-4-768x768.jpg 768w, https:\/\/lerevedelouise.fr\/wp-content\/uploads\/2022\/02\/cancer-zodiaque-4-80x80.jpg 80w, https:\/\/lerevedelouise.fr\/wp-content\/uploads\/2022\/02\/cancer-zodiaque-4.jpg 1280w\" sizes=\"auto, (max-width: 1024px) 100vw, 1024px\" \/><\/a><\/figure>\n\n\n\n<p><mark style=\"background-color:rgba(0, 0, 0, 0)\" class=\"has-inline-color has-luminous-vivid-amber-color\">Mots cl\u00e9s :<\/mark> sensibilit\u00e9, imagination, intuition, cr\u00e9ativit\u00e9, pass\u00e9, patrimoine.<\/p>\n\n\n\n<p><mark style=\"background-color:rgba(0, 0, 0, 0)\" class=\"has-inline-color has-luminous-vivid-amber-color\">Signe compl\u00e9mentaire : <\/mark>Cancer\/Capricorne <\/p>\n<\/div>\n\n\n\n<div class=\"wp-block-column is-layout-flow wp-block-column-is-layout-flow\" style=\"flex-basis:66.66%\">\n<p><mark style=\"background-color:rgba(0, 0, 0, 0)\" class=\"has-inline-color has-luminous-vivid-amber-color\">Le Cancer<\/mark> est le quatri\u00e8me signe du zodiaque du 21 juin au 22 juillet, sa saison l&rsquo;\u00e9t\u00e9, c&rsquo;est un signe cardinal f\u00e9minin, son \u00e9l\u00e9ment l&rsquo;Eau, gouvern\u00e9 par la Lune, sa couleur blanc, gris, perle, sa pierre la pierre de lune.<\/p>\n\n\n\n<p><mark style=\"background-color:rgba(0, 0, 0, 0)\" class=\"has-inline-color has-luminous-vivid-amber-color\">La symbolique de votre signe :<\/mark> les deux boucles entrelac\u00e9es symbolisent les ronds et les tourbillons dans l&rsquo;eau, le mouvement des mar\u00e9es, ainsi qu&rsquo;\u00e0 la spirale des coquillages. Votre signe est aussi en correspondance avec tout ce qui rattache aux eaux-m\u00e8res symbole de toute vie.<\/p>\n\n\n\n<p><mark style=\"background-color:rgba(0, 0, 0, 0)\" class=\"has-inline-color has-luminous-vivid-amber-color\">Vos traits de caract\u00e8re :<\/mark> vous \u00eates dot\u00e9 d&rsquo;une grande imagination, de sensibilit\u00e9 et vous vivez dans la nostalgie de votre pass\u00e9. Vous avez besoin d&rsquo;\u00e9voluer dans un climat de confiance et de stabilit\u00e9, pour vous ouvrir et vous \u00e9panouir. Votre esprit r\u00eaveur fait de vous un cr\u00e9atif inspir\u00e9.<\/p>\n\n\n\n<p>Timide vous vous forgez une carapace, vous pouvez par moment montrer un caract\u00e8re d\u00e9sagr\u00e9able, avec des mouvements d&rsquo;humeur, car vous avez besoin de s\u00e9curit\u00e9 et de douceur. Vous savez assumer vos responsabilit\u00e9s autant sur le point professionnel, que sur le plan familial, vous \u00eates d&rsquo;ailleurs un parent attentionn\u00e9.  Votre loyaut\u00e9 et votre s\u00e9rieux font de vous une personne consciencieuse.<\/p>\n<\/div>\n<\/div>\n\n\n\n<h2 class=\"wp-block-heading has-text-color\" style=\"color:#d7760e\">Les d\u00e9cans dans votre signe<\/h2>\n\n\n\n<div class=\"wp-block-columns is-layout-flex wp-container-core-columns-is-layout-9d6595d7 wp-block-columns-is-layout-flex\">\n<div class=\"wp-block-column is-layout-flow wp-block-column-is-layout-flow\">\n<p>De 90\u00b0 \u00e0 100\u00b0-1er d\u00e9can-du 21 juin au 1er juillet<\/p>\n\n\n\n<h5 class=\"wp-block-heading has-text-color\" style=\"color:#d7760e\">\u00c9motions <\/h5>\n\n\n\n<p>Le ma\u00eetre de ce d\u00e9can est V\u00e9nus. Votre d\u00e9can est celui des \u00e9motions intensifi\u00e9es. Le Soleil dans votre signe vous r\u00e9v\u00e8le hypersensible, r\u00eaveur, tendre, aimable, charmant mais angoiss\u00e9, enclin \u00e0 la dramatisation et id\u00e9alisant votre pass\u00e9 et vos sentiments. <\/p>\n<\/div>\n\n\n\n<div class=\"wp-block-column is-layout-flow wp-block-column-is-layout-flow\">\n<p>De 100\u00b0 \u00e0 110\u00b0-2\u00e8me d\u00e9can-du 2 au 12 juillet<\/p>\n\n\n\n<h5 class=\"wp-block-heading has-text-color\" style=\"color:#d7760e\">R\u00e9v\u00e9lations<\/h5>\n\n\n\n<p>Le ma\u00eetre de ce d\u00e9can est Mercure. Votre d\u00e9can est celui de la sensibilit\u00e9 amplifi\u00e9e. Votre intelligence est pleine de finesse, de curiosit\u00e9, pouvant conf\u00e9rer au g\u00e9nie ou c\u00e9der \u00e0 la paresse, \u00e0 la douceur  contemplative, \u00e0 la dispersion. Si vous avez le Soleil ou l&rsquo;ascendant dans ce d\u00e9can, vous \u00eates plein de ressources, votre imagination est fertile et votre conscience est \u00e9clair\u00e9e. <\/p>\n<\/div>\n\n\n\n<div class=\"wp-block-column is-layout-flow wp-block-column-is-layout-flow\">\n<p>De 110\u00b0 \u00e0 120\u00b0-3\u00e8me d\u00e9can du 13 au 22 juillet<\/p>\n\n\n\n<h5 class=\"wp-block-heading has-text-color\" style=\"color:#d7760e\">Sensibilit\u00e9<\/h5>\n\n\n\n<p>Le ma\u00eetre de ce d\u00e9can est la Lune. Votre d\u00e9can est celui de la douceur naturelle. Vos qualit\u00e9s sont spontan\u00e9es comme la sensibilit\u00e9, l&rsquo;affection, la protection, l&rsquo;amour de votre foyer. Vous avez un esprit r\u00eaveur, m\u00e9ditatif et contemplatif. Vous pouvez parfois avoir un comportement infantile ou lunatique.  <\/p>\n<\/div>\n<\/div>\n\n\n\n<p class=\"has-text-color has-small-font-size\" style=\"color:#d7760e\">Image par <a href=\"https:\/\/pixabay.com\/fr\/users\/thedigitalartist-202249\/\" target=\"_blank\" rel=\"noreferrer noopener\">TheDigitalArtis<\/a> de <a href=\"https:\/\/www.google.com\/search?channel=trow5&amp;client=firefox-b-d&amp;q=pixabay\" target=\"_blank\" rel=\"noreferrer noopener\">Pixabay<\/a><\/p>\n","protected":false},"excerpt":{"rendered":"<p>Une \u00e9nergie sensible et nostalgique Mots cl\u00e9s : sensibilit\u00e9, imagination, intuition, cr\u00e9ativit\u00e9, pass\u00e9, patrimoine. Signe compl\u00e9mentaire : Cancer\/Capricorne Le Cancer est le quatri\u00e8me signe du zodiaque du 21 juin au 22 juillet, sa saison l&rsquo;\u00e9t\u00e9, c&rsquo;est un signe cardinal f\u00e9minin, son \u00e9l\u00e9ment l&rsquo;Eau, gouvern\u00e9 par la Lune, sa couleur blanc, gris, perle, sa pierre la [&hellip;]<\/p>\n","protected":false},"author":1,"featured_media":0,"parent":3297,"menu_order":3,"comment_status":"closed","ping_status":"closed","template":"","meta":{"_eb_attr":"","footnotes":""},"class_list":["post-7242","page","type-page","status-publish","hentry"],"_links":{"self":[{"href":"https:\/\/lerevedelouise.fr\/index.php\/wp-json\/wp\/v2\/pages\/7242","targetHints":{"allow":["GET"]}}],"collection":[{"href":"https:\/\/lerevedelouise.fr\/index.php\/wp-json\/wp\/v2\/pages"}],"about":[{"href":"https:\/\/lerevedelouise.fr\/index.php\/wp-json\/wp\/v2\/types\/page"}],"author":[{"embeddable":true,"href":"https:\/\/lerevedelouise.fr\/index.php\/wp-json\/wp\/v2\/users\/1"}],"replies":[{"embeddable":true,"href":"https:\/\/lerevedelouise.fr\/index.php\/wp-json\/wp\/v2\/comments?post=7242"}],"version-history":[{"count":23,"href":"https:\/\/lerevedelouise.fr\/index.php\/wp-json\/wp\/v2\/pages\/7242\/revisions"}],"predecessor-version":[{"id":10195,"href":"https:\/\/lerevedelouise.fr\/index.php\/wp-json\/wp\/v2\/pages\/7242\/revisions\/10195"}],"up":[{"embeddable":true,"href":"https:\/\/lerevedelouise.fr\/index.php\/wp-json\/wp\/v2\/pages\/3297"}],"wp:attachment":[{"href":"https:\/\/lerevedelouise.fr\/index.php\/wp-json\/wp\/v2\/media?parent=7242"}],"curies":[{"name":"wp","href":"https:\/\/api.w.org\/{rel}","templated":true}]}}