{"id":785,"date":"2020-05-27T23:58:12","date_gmt":"2020-05-27T21:58:12","guid":{"rendered":"https:\/\/lerevedelouise.fr\/?page_id=785"},"modified":"2024-02-05T16:06:27","modified_gmt":"2024-02-05T15:06:27","slug":"case-8","status":"publish","type":"page","link":"https:\/\/lerevedelouise.fr\/index.php\/case-0\/case-8\/","title":{"rendered":"Case 8"},"content":{"rendered":"<span class=\"span-reading-time rt-reading-time\" style=\"display: block;\"><span class=\"rt-label rt-prefix\">Temps de lecture\u00a0: <\/span> <span class=\"rt-time\"> &lt;\u00a01<\/span> <span class=\"rt-label rt-postfix\">minute<\/span><\/span>\n<h4 class=\"wp-block-heading\"><span style=\"color:#d7760e\" class=\"has-inline-color\">Le lion<\/span><\/h4>\n\n\n\n<div class=\"wp-block-image\"><figure class=\"aligncenter size-medium\"><a href=\"https:\/\/lerevedelouise.fr\/wp-content\/uploads\/2020\/05\/lion.jpg\"><img loading=\"lazy\" decoding=\"async\" width=\"300\" height=\"233\" src=\"https:\/\/lerevedelouise.fr\/wp-content\/uploads\/2020\/05\/lion-300x233.jpg\" alt=\"\" class=\"wp-image-788\" srcset=\"https:\/\/lerevedelouise.fr\/wp-content\/uploads\/2020\/05\/lion-300x233.jpg 300w, https:\/\/lerevedelouise.fr\/wp-content\/uploads\/2020\/05\/lion-600x466.jpg 600w, https:\/\/lerevedelouise.fr\/wp-content\/uploads\/2020\/05\/lion-1024x795.jpg 1024w, https:\/\/lerevedelouise.fr\/wp-content\/uploads\/2020\/05\/lion-768x596.jpg 768w, https:\/\/lerevedelouise.fr\/wp-content\/uploads\/2020\/05\/lion.jpg 1280w\" sizes=\"auto, (max-width: 300px) 100vw, 300px\" \/><\/a><\/figure><\/div>\n\n\n\n<p>C&rsquo;est un symbole de force, de puissance et de supr\u00e9matie. Le lion repr\u00e9sente le pouvoir moral, mat\u00e9riel, social ou politique.  De nombreux rois choisirent le lion pour embl\u00e8me durant leur r\u00e8gne pour donner une image de justice, de sagesse, de grandeur ou de force d&rsquo;\u00e2me. Si le lion a beaucoup d&rsquo;attraits positifs avec le pouvoir et la puissance, il a aussi les exc\u00e8s et les d\u00e9rives qu&rsquo;ils engendrent parfois lorsqu&rsquo;ils sont mal employ\u00e9s.<\/p>\n\n\n\n<h4 class=\"wp-block-heading\"><span style=\"color:#d7760e\" class=\"has-inline-color\">Signification<\/span><\/h4>\n\n\n\n<p>Lorsque vous arrivez sur la case du lion, c&rsquo;est que vous avez les qualit\u00e9s requises ou les moyens n\u00e9cessaires pour vous ma\u00eetriser, dominer votre situation, pour agir avec force et courage. Mais cela peut vous indiquez que vous avez une personne dans votre vie qui joue un r\u00f4le important. Le lion est un tr\u00e8s beau symbole car les risques d&rsquo;abus de pouvoir n&rsquo;existent pas ici.<span style=\"color:#395a6f\" class=\"has-inline-color\"><\/span><\/p>\n\n\n\n<p class=\"has-small-font-size\"><span style=\"color:#d7760e\" class=\"has-inline-color\">Image par : <\/span><span class=\"has-inline-color has-vivid-cyan-blue-color\"><\/span> <a href=\"https:\/\/pixabay.com\/fr\/users\/272447-272447\/?utm_source=link-attribution&amp;utm_medium=referral&amp;utm_campaign=image&amp;utm_content=1840092\" target=\"_blank\" rel=\"noreferrer noopener\">Skeeze<\/a> <span style=\"color:#d7760e\" class=\"has-inline-color\">de<\/span> <a href=\"https:\/\/pixabay.com\/fr\/\" target=\"_blank\" rel=\"noreferrer noopener\">Pixabay<\/a><\/p>\n\n\n\n<p class=\"has-small-font-size\"><span style=\"color:#d7760e\" class=\"has-inline-color\">Source :<\/span> <a rel=\"noreferrer noopener\" href=\"https:\/\/www.hachette-collections.com\/fr-fr\/?gclid=CjwKCAjw8J32BRBCEiwApQEKgdiFVIkH2wypRsYiCjhK4KTn5ifV_DR1FX_lAZt9mKdtG8ksfXzYzxoCfegQAvD_BwE\" target=\"_blank\">les arts divina<em>toires \u2013 Hachette Collection<\/em><\/a><\/p>\n","protected":false},"excerpt":{"rendered":"<p>Le lion C&rsquo;est un symbole de force, de puissance et de supr\u00e9matie. Le lion repr\u00e9sente le pouvoir moral, mat\u00e9riel, social ou politique. De nombreux rois choisirent le lion pour embl\u00e8me durant leur r\u00e8gne pour donner une image de justice, de sagesse, de grandeur ou de force d&rsquo;\u00e2me. Si le lion a beaucoup d&rsquo;attraits positifs avec [&hellip;]<\/p>\n","protected":false},"author":1,"featured_media":0,"parent":480,"menu_order":8,"comment_status":"closed","ping_status":"closed","template":"","meta":{"_eb_attr":"","footnotes":""},"class_list":["post-785","page","type-page","status-publish","hentry"],"_links":{"self":[{"href":"https:\/\/lerevedelouise.fr\/index.php\/wp-json\/wp\/v2\/pages\/785","targetHints":{"allow":["GET"]}}],"collection":[{"href":"https:\/\/lerevedelouise.fr\/index.php\/wp-json\/wp\/v2\/pages"}],"about":[{"href":"https:\/\/lerevedelouise.fr\/index.php\/wp-json\/wp\/v2\/types\/page"}],"author":[{"embeddable":true,"href":"https:\/\/lerevedelouise.fr\/index.php\/wp-json\/wp\/v2\/users\/1"}],"replies":[{"embeddable":true,"href":"https:\/\/lerevedelouise.fr\/index.php\/wp-json\/wp\/v2\/comments?post=785"}],"version-history":[{"count":13,"href":"https:\/\/lerevedelouise.fr\/index.php\/wp-json\/wp\/v2\/pages\/785\/revisions"}],"predecessor-version":[{"id":4268,"href":"https:\/\/lerevedelouise.fr\/index.php\/wp-json\/wp\/v2\/pages\/785\/revisions\/4268"}],"up":[{"embeddable":true,"href":"https:\/\/lerevedelouise.fr\/index.php\/wp-json\/wp\/v2\/pages\/480"}],"wp:attachment":[{"href":"https:\/\/lerevedelouise.fr\/index.php\/wp-json\/wp\/v2\/media?parent=785"}],"curies":[{"name":"wp","href":"https:\/\/api.w.org\/{rel}","templated":true}]}}