{"id":8485,"date":"2023-12-04T15:52:57","date_gmt":"2023-12-04T14:52:57","guid":{"rendered":"https:\/\/lerevedelouise.fr\/?page_id=8485"},"modified":"2024-02-05T16:28:36","modified_gmt":"2024-02-05T15:28:36","slug":"case-62","status":"publish","type":"page","link":"https:\/\/lerevedelouise.fr\/index.php\/case-0\/case-62\/","title":{"rendered":"Case 62"},"content":{"rendered":"<span class=\"span-reading-time rt-reading-time\" style=\"display: block;\"><span class=\"rt-label rt-prefix\">Temps de lecture\u00a0: <\/span> <span class=\"rt-time\"> 2<\/span> <span class=\"rt-label rt-postfix\">minutes<\/span><\/span>\n<div class=\"wp-block-image is-style-default\"><figure class=\"aligncenter size-medium\"><a href=\"https:\/\/lerevedelouise.fr\/wp-content\/uploads\/2023\/12\/jardin.jpg\"><img loading=\"lazy\" decoding=\"async\" width=\"300\" height=\"219\" src=\"https:\/\/lerevedelouise.fr\/wp-content\/uploads\/2023\/12\/jardin-300x219.jpg\" alt=\"\" class=\"wp-image-8497\" srcset=\"https:\/\/lerevedelouise.fr\/wp-content\/uploads\/2023\/12\/jardin-300x219.jpg 300w, https:\/\/lerevedelouise.fr\/wp-content\/uploads\/2023\/12\/jardin-1024x749.jpg 1024w, https:\/\/lerevedelouise.fr\/wp-content\/uploads\/2023\/12\/jardin-768x562.jpg 768w, https:\/\/lerevedelouise.fr\/wp-content\/uploads\/2023\/12\/jardin.jpg 1280w\" sizes=\"auto, (max-width: 300px) 100vw, 300px\" \/><\/a><\/figure><\/div>\n\n\n\n<h4 class=\"has-text-color wp-block-heading\" style=\"color:#d7760e\">Le jardin<\/h4>\n\n\n\n<p>Il s&rsquo;agit symboliquement bien s\u00fbr, du lieu des origines de l&rsquo;\u00eatre humain, mais aussi de l&rsquo;endroit qu&rsquo;il doit atteindre et retrouver. C&rsquo;est ainsi que, dans de nombreux r\u00e9cits cosmogoniques relatant le commencement du monde et des temps, la cr\u00e9ation de la Terre et la naissance de l&rsquo;homme et pas seulement dans le c\u00e9l\u00e8bre r\u00e9cit de la Gen\u00e8se de la Bible, il est question d&rsquo;un jardin magnifique. Et souvent, dans les textes relatifs au s\u00e9jour des \u00e2mes des d\u00e9funts, il est fait aussi allusion \u00e0 un magnifique jardin o\u00f9 une totale f\u00e9licit\u00e9 attend celles et ceux qui dans ce monde n&rsquo;ont pas d\u00e9m\u00e9rit\u00e9. Ainsi, le jardin est-il en corr\u00e9lation avec le mythe du paradis perdu et celui d&rsquo;un \u00e2ge d&rsquo;or promis \u00e0 l&rsquo;humanit\u00e9. C&rsquo;est ainsi que dans l&rsquo;Antiquit\u00e9, les Assyriens notamment, avec leurs c\u00e9l\u00e8bres jardins suspendus de Babylone, consid\u00e9r\u00e9s comme une merveille du monde situ\u00e9s \u00e0 l&#8217;embouchure du Tigre et de l&rsquo;Euphrate et qui sont entr\u00e9s dans la l\u00e9gende, mais les \u00c9gyptiens aussi pass\u00e9s ma\u00eetres dans l&rsquo;art et l&rsquo;am\u00e9nagement du jardin connaissaient et appr\u00e9ciaient au plus au point cette magie subtile et la laborieuse qui consiste \u00e0 modeler la nature selon des r\u00e8gles et des lois qui ne sont pas forc\u00e9ment les siennes, mais celles de l&rsquo;esprit humain.<\/p>\n\n\n\n<h4 class=\"has-text-color wp-block-heading\" style=\"color:#d7760e\">Signification<\/h4>\n\n\n\n<p>Si votre pion se pose sur cette case, c&rsquo;est une invitation tout simplement \u00e0 vous promener dans le grand jardin de la nature pour vous ressourcer, mais surtout dans celui de votre propre nature afin de vous recentrer. Le paradis c&rsquo;est-\u00e0-dire le bien \u00eatre et le bonheur auxquels chacun d&rsquo;entre nous aspire est avant tout en soi. D\u00e8s lors, celle ou celui qui sait cultiver et entretenir son jardin int\u00e9rieur agit de m\u00eame dans le jardin de sa vie. En d&rsquo;autres termes, le message que vous transmet cette case, c&rsquo;est que la vie est un jardin dont vous \u00eates le jardinier.<\/p>\n\n\n\n<p class=\"has-text-color has-small-font-size\" style=\"color:#d7760e\">Image par <a href=\"https:\/\/pixabay.com\/fr\/users\/cocoparisienne-127419\/?utm_source=link-attribution&amp;utm_medium=referral&amp;utm_campaign=image&amp;utm_content=274534\" target=\"_blank\" rel=\"noopener\">Anja<\/a> de <a href=\"https:\/\/pixabay.com\/fr\/\/?utm_source=link-attribution&amp;utm_medium=referral&amp;utm_campaign=image&amp;utm_content=274534\" target=\"_blank\" rel=\"noopener\">Pixabay<\/a><\/p>\n\n\n\n<p class=\"has-text-color has-small-font-size\" style=\"color:#d7760e\">Source : <a href=\"https:\/\/www.hachette-collections.com\/fr-fr\/?gclid=CjwKCAjw8J32BRBCEiwApQEKgdiFVIkH2wypRsYiCjhK4KTn5ifV_DR1FX_lAZt9mKdtG8ksfXzYzxoCfegQAvD_BwE\" target=\"_blank\" rel=\"noreferrer noopener\">les arts divina<em>toires \u2013 Hachette Collection<\/em><\/a><\/p>\n","protected":false},"excerpt":{"rendered":"<p>Le jardin Il s&rsquo;agit symboliquement bien s\u00fbr, du lieu des origines de l&rsquo;\u00eatre humain, mais aussi de l&rsquo;endroit qu&rsquo;il doit atteindre et retrouver. C&rsquo;est ainsi que, dans de nombreux r\u00e9cits cosmogoniques relatant le commencement du monde et des temps, la cr\u00e9ation de la Terre et la naissance de l&rsquo;homme et pas seulement dans le c\u00e9l\u00e8bre [&hellip;]<\/p>\n","protected":false},"author":1,"featured_media":0,"parent":480,"menu_order":62,"comment_status":"closed","ping_status":"closed","template":"","meta":{"_eb_attr":"","footnotes":""},"class_list":["post-8485","page","type-page","status-publish","hentry"],"_links":{"self":[{"href":"https:\/\/lerevedelouise.fr\/index.php\/wp-json\/wp\/v2\/pages\/8485","targetHints":{"allow":["GET"]}}],"collection":[{"href":"https:\/\/lerevedelouise.fr\/index.php\/wp-json\/wp\/v2\/pages"}],"about":[{"href":"https:\/\/lerevedelouise.fr\/index.php\/wp-json\/wp\/v2\/types\/page"}],"author":[{"embeddable":true,"href":"https:\/\/lerevedelouise.fr\/index.php\/wp-json\/wp\/v2\/users\/1"}],"replies":[{"embeddable":true,"href":"https:\/\/lerevedelouise.fr\/index.php\/wp-json\/wp\/v2\/comments?post=8485"}],"version-history":[{"count":9,"href":"https:\/\/lerevedelouise.fr\/index.php\/wp-json\/wp\/v2\/pages\/8485\/revisions"}],"predecessor-version":[{"id":8523,"href":"https:\/\/lerevedelouise.fr\/index.php\/wp-json\/wp\/v2\/pages\/8485\/revisions\/8523"}],"up":[{"embeddable":true,"href":"https:\/\/lerevedelouise.fr\/index.php\/wp-json\/wp\/v2\/pages\/480"}],"wp:attachment":[{"href":"https:\/\/lerevedelouise.fr\/index.php\/wp-json\/wp\/v2\/media?parent=8485"}],"curies":[{"name":"wp","href":"https:\/\/api.w.org\/{rel}","templated":true}]}}